{"id":1915,"date":"2019-09-28T20:35:44","date_gmt":"2019-09-28T18:35:44","guid":{"rendered":"https:\/\/chasseurs5emeleger.fr\/?page_id=1915"},"modified":"2025-02-01T23:24:54","modified_gmt":"2025-02-01T22:24:54","slug":"draguignan-21-et-22-septembre","status":"publish","type":"page","link":"https:\/\/chasseurs5emeleger.fr\/index.php\/photos\/draguignan-21-et-22-septembre\/","title":{"rendered":"Draguignan &#8211; 21 et 22 Septembre 2019"},"content":{"rendered":"\n<p class=\"has-text-align-center has-text-color has-large-font-size\" style=\"color:#000794\">Journ\u00e9es Europ\u00e9ennes du Patrimoine, Draguignan (83) 21 et 22 Septembre<\/p>\n\n\n\n<figure class=\"wp-block-gallery has-nested-images columns-2 wp-block-gallery-1 is-layout-flex wp-block-gallery-is-layout-flex\">\n<figure class=\"wp-block-image size-large\"><img loading=\"lazy\" decoding=\"async\" width=\"1024\" height=\"683\" data-id=\"1918\" src=\"https:\/\/chasseurs5emeleger.fr\/wp-content\/uploads\/2019\/09\/FB_IMG_1569226046628-1024x683.jpg\" alt=\"\" class=\"wp-image-1918\" srcset=\"https:\/\/chasseurs5emeleger.fr\/wp-content\/uploads\/2019\/09\/FB_IMG_1569226046628.jpg 1024w, https:\/\/chasseurs5emeleger.fr\/wp-content\/uploads\/2019\/09\/FB_IMG_1569226046628-300x200.jpg 300w, https:\/\/chasseurs5emeleger.fr\/wp-content\/uploads\/2019\/09\/FB_IMG_1569226046628-768x512.jpg 768w\" sizes=\"auto, (max-width: 1024px) 100vw, 1024px\" \/><\/figure>\n\n\n\n<figure class=\"wp-block-image size-large\"><img loading=\"lazy\" decoding=\"async\" width=\"1024\" height=\"683\" data-id=\"1919\" src=\"https:\/\/chasseurs5emeleger.fr\/wp-content\/uploads\/2019\/09\/FB_IMG_1569226059319-1024x683.jpg\" alt=\"\" class=\"wp-image-1919\" srcset=\"https:\/\/chasseurs5emeleger.fr\/wp-content\/uploads\/2019\/09\/FB_IMG_1569226059319.jpg 1024w, https:\/\/chasseurs5emeleger.fr\/wp-content\/uploads\/2019\/09\/FB_IMG_1569226059319-300x200.jpg 300w, https:\/\/chasseurs5emeleger.fr\/wp-content\/uploads\/2019\/09\/FB_IMG_1569226059319-768x512.jpg 768w\" sizes=\"auto, (max-width: 1024px) 100vw, 1024px\" \/><\/figure>\n\n\n\n<figure class=\"wp-block-image size-large\"><img loading=\"lazy\" decoding=\"async\" width=\"1024\" height=\"683\" data-id=\"1920\" src=\"https:\/\/chasseurs5emeleger.fr\/wp-content\/uploads\/2019\/09\/FB_IMG_1569226069835-1024x683.jpg\" alt=\"\" class=\"wp-image-1920\" srcset=\"https:\/\/chasseurs5emeleger.fr\/wp-content\/uploads\/2019\/09\/FB_IMG_1569226069835.jpg 1024w, https:\/\/chasseurs5emeleger.fr\/wp-content\/uploads\/2019\/09\/FB_IMG_1569226069835-300x200.jpg 300w, https:\/\/chasseurs5emeleger.fr\/wp-content\/uploads\/2019\/09\/FB_IMG_1569226069835-768x512.jpg 768w\" sizes=\"auto, (max-width: 1024px) 100vw, 1024px\" \/><\/figure>\n\n\n\n<figure class=\"wp-block-image size-large\"><img loading=\"lazy\" decoding=\"async\" width=\"1024\" height=\"683\" data-id=\"1921\" src=\"https:\/\/chasseurs5emeleger.fr\/wp-content\/uploads\/2019\/09\/FB_IMG_1569226077977-1024x683.jpg\" alt=\"\" class=\"wp-image-1921\" srcset=\"https:\/\/chasseurs5emeleger.fr\/wp-content\/uploads\/2019\/09\/FB_IMG_1569226077977.jpg 1024w, https:\/\/chasseurs5emeleger.fr\/wp-content\/uploads\/2019\/09\/FB_IMG_1569226077977-300x200.jpg 300w, https:\/\/chasseurs5emeleger.fr\/wp-content\/uploads\/2019\/09\/FB_IMG_1569226077977-768x512.jpg 768w\" sizes=\"auto, (max-width: 1024px) 100vw, 1024px\" \/><\/figure>\n\n\n\n<figure class=\"wp-block-image size-large\"><img loading=\"lazy\" decoding=\"async\" width=\"683\" height=\"1024\" data-id=\"1917\" src=\"https:\/\/chasseurs5emeleger.fr\/wp-content\/uploads\/2019\/09\/FB_IMG_1569226039452-683x1024.jpg\" alt=\"\" class=\"wp-image-1917\" srcset=\"https:\/\/chasseurs5emeleger.fr\/wp-content\/uploads\/2019\/09\/FB_IMG_1569226039452.jpg 683w, https:\/\/chasseurs5emeleger.fr\/wp-content\/uploads\/2019\/09\/FB_IMG_1569226039452-200x300.jpg 200w\" sizes=\"auto, (max-width: 683px) 100vw, 683px\" \/><\/figure>\n\n\n\n<figure class=\"wp-block-image size-large\"><img loading=\"lazy\" decoding=\"async\" width=\"683\" height=\"1024\" data-id=\"1916\" src=\"https:\/\/chasseurs5emeleger.fr\/wp-content\/uploads\/2019\/09\/FB_IMG_1569226033378-683x1024.jpg\" alt=\"\" class=\"wp-image-1916\" srcset=\"https:\/\/chasseurs5emeleger.fr\/wp-content\/uploads\/2019\/09\/FB_IMG_1569226033378.jpg 683w, https:\/\/chasseurs5emeleger.fr\/wp-content\/uploads\/2019\/09\/FB_IMG_1569226033378-200x300.jpg 200w\" sizes=\"auto, (max-width: 683px) 100vw, 683px\" \/><\/figure>\n\n\n\n<figure class=\"wp-block-image size-large\"><img loading=\"lazy\" decoding=\"async\" width=\"1024\" height=\"683\" data-id=\"1922\" src=\"https:\/\/chasseurs5emeleger.fr\/wp-content\/uploads\/2019\/09\/FB_IMG_1569226086926-1024x683.jpg\" alt=\"\" class=\"wp-image-1922\" srcset=\"https:\/\/chasseurs5emeleger.fr\/wp-content\/uploads\/2019\/09\/FB_IMG_1569226086926.jpg 1024w, https:\/\/chasseurs5emeleger.fr\/wp-content\/uploads\/2019\/09\/FB_IMG_1569226086926-300x200.jpg 300w, https:\/\/chasseurs5emeleger.fr\/wp-content\/uploads\/2019\/09\/FB_IMG_1569226086926-768x512.jpg 768w\" sizes=\"auto, (max-width: 1024px) 100vw, 1024px\" \/><\/figure>\n\n\n\n<figure class=\"wp-block-image size-large\"><img loading=\"lazy\" decoding=\"async\" width=\"1024\" height=\"683\" data-id=\"1924\" src=\"https:\/\/chasseurs5emeleger.fr\/wp-content\/uploads\/2019\/09\/FB_IMG_1569226113969-1024x683.jpg\" alt=\"\" class=\"wp-image-1924\" srcset=\"https:\/\/chasseurs5emeleger.fr\/wp-content\/uploads\/2019\/09\/FB_IMG_1569226113969.jpg 1024w, https:\/\/chasseurs5emeleger.fr\/wp-content\/uploads\/2019\/09\/FB_IMG_1569226113969-300x200.jpg 300w, https:\/\/chasseurs5emeleger.fr\/wp-content\/uploads\/2019\/09\/FB_IMG_1569226113969-768x512.jpg 768w\" sizes=\"auto, (max-width: 1024px) 100vw, 1024px\" \/><\/figure>\n\n\n\n<figure class=\"wp-block-image size-large\"><img loading=\"lazy\" decoding=\"async\" width=\"946\" height=\"768\" data-id=\"1925\" src=\"https:\/\/chasseurs5emeleger.fr\/wp-content\/uploads\/2019\/09\/FB_IMG_1569231568421.jpg\" alt=\"\" class=\"wp-image-1925\" srcset=\"https:\/\/chasseurs5emeleger.fr\/wp-content\/uploads\/2019\/09\/FB_IMG_1569231568421.jpg 946w, https:\/\/chasseurs5emeleger.fr\/wp-content\/uploads\/2019\/09\/FB_IMG_1569231568421-300x244.jpg 300w, https:\/\/chasseurs5emeleger.fr\/wp-content\/uploads\/2019\/09\/FB_IMG_1569231568421-768x623.jpg 768w\" sizes=\"auto, (max-width: 946px) 100vw, 946px\" \/><\/figure>\n\n\n\n<figure class=\"wp-block-image size-large\"><img loading=\"lazy\" decoding=\"async\" width=\"683\" height=\"1024\" data-id=\"1923\" src=\"https:\/\/chasseurs5emeleger.fr\/wp-content\/uploads\/2019\/09\/FB_IMG_1569226099150-683x1024.jpg\" alt=\"\" class=\"wp-image-1923\" srcset=\"https:\/\/chasseurs5emeleger.fr\/wp-content\/uploads\/2019\/09\/FB_IMG_1569226099150.jpg 683w, https:\/\/chasseurs5emeleger.fr\/wp-content\/uploads\/2019\/09\/FB_IMG_1569226099150-200x300.jpg 200w\" sizes=\"auto, (max-width: 683px) 100vw, 683px\" \/><\/figure>\n\n\n\n<figure class=\"wp-block-image size-large\"><img loading=\"lazy\" decoding=\"async\" width=\"683\" height=\"1024\" data-id=\"1926\" src=\"https:\/\/chasseurs5emeleger.fr\/wp-content\/uploads\/2019\/09\/FB_IMG_1569498721684-683x1024.jpg\" alt=\"\" class=\"wp-image-1926\" srcset=\"https:\/\/chasseurs5emeleger.fr\/wp-content\/uploads\/2019\/09\/FB_IMG_1569498721684.jpg 683w, https:\/\/chasseurs5emeleger.fr\/wp-content\/uploads\/2019\/09\/FB_IMG_1569498721684-200x300.jpg 200w\" sizes=\"auto, (max-width: 683px) 100vw, 683px\" \/><\/figure>\n\n\n\n<figure class=\"wp-block-image size-large\"><img loading=\"lazy\" decoding=\"async\" width=\"576\" height=\"1024\" data-id=\"1927\" src=\"https:\/\/chasseurs5emeleger.fr\/wp-content\/uploads\/2019\/09\/received_401011350611751-576x1024.jpeg\" alt=\"\" class=\"wp-image-1927\" srcset=\"https:\/\/chasseurs5emeleger.fr\/wp-content\/uploads\/2019\/09\/received_401011350611751.jpeg 576w, https:\/\/chasseurs5emeleger.fr\/wp-content\/uploads\/2019\/09\/received_401011350611751-169x300.jpeg 169w\" sizes=\"auto, (max-width: 576px) 100vw, 576px\" \/><\/figure>\n\n\n\n<figure class=\"wp-block-image size-large\"><img loading=\"lazy\" decoding=\"async\" width=\"576\" height=\"1024\" data-id=\"1928\" src=\"https:\/\/chasseurs5emeleger.fr\/wp-content\/uploads\/2019\/09\/received_908522912859960-576x1024.jpeg\" alt=\"\" class=\"wp-image-1928\" srcset=\"https:\/\/chasseurs5emeleger.fr\/wp-content\/uploads\/2019\/09\/received_908522912859960.jpeg 576w, https:\/\/chasseurs5emeleger.fr\/wp-content\/uploads\/2019\/09\/received_908522912859960-169x300.jpeg 169w\" sizes=\"auto, (max-width: 576px) 100vw, 576px\" \/><\/figure>\n<\/figure>\n","protected":false},"excerpt":{"rendered":"<p>Journ\u00e9es Europ\u00e9ennes du Patrimoine, Draguignan (83) 21 et 22 Septembre<\/p>\n","protected":false},"author":2,"featured_media":0,"parent":1057,"menu_order":0,"comment_status":"closed","ping_status":"closed","template":"","meta":{"footnotes":""},"class_list":["post-1915","page","type-page","status-publish","hentry"],"yoast_head":"<!-- This site is optimized with the Yoast SEO plugin v27.5 - https:\/\/yoast.com\/product\/yoast-seo-wordpress\/ -->\n<title>Draguignan - 21 et 22 Septembre 2019 &#8211; Chasseurs du 5\u00e8me R\u00e9giment d&#039;Infanterie L\u00e9g\u00e8re<\/title>\n<meta name=\"robots\" content=\"index, follow, max-snippet:-1, max-image-preview:large, max-video-preview:-1\" \/>\n<link rel=\"canonical\" href=\"https:\/\/chasseurs5emeleger.fr\/index.php\/photos\/draguignan-21-et-22-septembre\/\" \/>\n<meta property=\"og:locale\" content=\"fr_FR\" \/>\n<meta property=\"og:type\" content=\"article\" \/>\n<meta property=\"og:title\" content=\"Draguignan - 21 et 22 Septembre 2019 &#8211; Chasseurs du 5\u00e8me R\u00e9giment d&#039;Infanterie L\u00e9g\u00e8re\" \/>\n<meta property=\"og:description\" content=\"Journ\u00e9es Europ\u00e9ennes du Patrimoine, Draguignan (83) 21 et 22 Septembre\" \/>\n<meta property=\"og:url\" content=\"https:\/\/chasseurs5emeleger.fr\/index.php\/photos\/draguignan-21-et-22-septembre\/\" \/>\n<meta property=\"og:site_name\" content=\"Chasseurs du 5\u00e8me R\u00e9giment d&#039;Infanterie L\u00e9g\u00e8re\" \/>\n<meta property=\"article:publisher\" content=\"https:\/\/www.facebook.com\/chasseurs.5emeleger\/\" \/>\n<meta property=\"article:modified_time\" content=\"2025-02-01T22:24:54+00:00\" \/>\n<meta property=\"og:image\" content=\"https:\/\/chasseurs5emeleger.fr\/wp-content\/uploads\/2019\/09\/FB_IMG_1569226046628.jpg\" \/>\n\t<meta property=\"og:image:width\" content=\"1024\" \/>\n\t<meta property=\"og:image:height\" content=\"683\" \/>\n\t<meta property=\"og:image:type\" content=\"image\/jpeg\" \/>\n<script type=\"application\/ld+json\" class=\"yoast-schema-graph\">{\"@context\":\"https:\\\/\\\/schema.org\",\"@graph\":[{\"@type\":\"WebPage\",\"@id\":\"https:\\\/\\\/chasseurs5emeleger.fr\\\/index.php\\\/photos\\\/draguignan-21-et-22-septembre\\\/\",\"url\":\"https:\\\/\\\/chasseurs5emeleger.fr\\\/index.php\\\/photos\\\/draguignan-21-et-22-septembre\\\/\",\"name\":\"Draguignan - 21 et 22 Septembre 2019 &#8211; Chasseurs du 5\u00e8me R\u00e9giment d&#039;Infanterie L\u00e9g\u00e8re\",\"isPartOf\":{\"@id\":\"https:\\\/\\\/chasseurs5emeleger.fr\\\/#website\"},\"primaryImageOfPage\":{\"@id\":\"https:\\\/\\\/chasseurs5emeleger.fr\\\/index.php\\\/photos\\\/draguignan-21-et-22-septembre\\\/#primaryimage\"},\"image\":{\"@id\":\"https:\\\/\\\/chasseurs5emeleger.fr\\\/index.php\\\/photos\\\/draguignan-21-et-22-septembre\\\/#primaryimage\"},\"thumbnailUrl\":\"https:\\\/\\\/chasseurs5emeleger.fr\\\/wp-content\\\/uploads\\\/2019\\\/09\\\/FB_IMG_1569226046628-1024x683.jpg\",\"datePublished\":\"2019-09-28T18:35:44+00:00\",\"dateModified\":\"2025-02-01T22:24:54+00:00\",\"breadcrumb\":{\"@id\":\"https:\\\/\\\/chasseurs5emeleger.fr\\\/index.php\\\/photos\\\/draguignan-21-et-22-septembre\\\/#breadcrumb\"},\"inLanguage\":\"fr-FR\",\"potentialAction\":[{\"@type\":\"ReadAction\",\"target\":[\"https:\\\/\\\/chasseurs5emeleger.fr\\\/index.php\\\/photos\\\/draguignan-21-et-22-septembre\\\/\"]}]},{\"@type\":\"ImageObject\",\"inLanguage\":\"fr-FR\",\"@id\":\"https:\\\/\\\/chasseurs5emeleger.fr\\\/index.php\\\/photos\\\/draguignan-21-et-22-septembre\\\/#primaryimage\",\"url\":\"https:\\\/\\\/chasseurs5emeleger.fr\\\/wp-content\\\/uploads\\\/2019\\\/09\\\/FB_IMG_1569226046628.jpg\",\"contentUrl\":\"https:\\\/\\\/chasseurs5emeleger.fr\\\/wp-content\\\/uploads\\\/2019\\\/09\\\/FB_IMG_1569226046628.jpg\",\"width\":1024,\"height\":683},{\"@type\":\"BreadcrumbList\",\"@id\":\"https:\\\/\\\/chasseurs5emeleger.fr\\\/index.php\\\/photos\\\/draguignan-21-et-22-septembre\\\/#breadcrumb\",\"itemListElement\":[{\"@type\":\"ListItem\",\"position\":1,\"name\":\"Accueil\",\"item\":\"https:\\\/\\\/chasseurs5emeleger.fr\\\/\"},{\"@type\":\"ListItem\",\"position\":2,\"name\":\"Photos\",\"item\":\"https:\\\/\\\/chasseurs5emeleger.fr\\\/index.php\\\/photos\\\/\"},{\"@type\":\"ListItem\",\"position\":3,\"name\":\"Draguignan &#8211; 21 et 22 Septembre 2019\"}]},{\"@type\":\"WebSite\",\"@id\":\"https:\\\/\\\/chasseurs5emeleger.fr\\\/#website\",\"url\":\"https:\\\/\\\/chasseurs5emeleger.fr\\\/\",\"name\":\"Chasseurs du 5\u00e8me R\u00e9giment d&#039;Infanterie L\u00e9g\u00e8re\",\"description\":\"\",\"publisher\":{\"@id\":\"https:\\\/\\\/chasseurs5emeleger.fr\\\/#organization\"},\"potentialAction\":[{\"@type\":\"SearchAction\",\"target\":{\"@type\":\"EntryPoint\",\"urlTemplate\":\"https:\\\/\\\/chasseurs5emeleger.fr\\\/?s={search_term_string}\"},\"query-input\":{\"@type\":\"PropertyValueSpecification\",\"valueRequired\":true,\"valueName\":\"search_term_string\"}}],\"inLanguage\":\"fr-FR\"},{\"@type\":\"Organization\",\"@id\":\"https:\\\/\\\/chasseurs5emeleger.fr\\\/#organization\",\"name\":\"Chasseurs du 5\u00e8me R\u00e9giment d'infanterie l\u00e9g\u00e8re\",\"url\":\"https:\\\/\\\/chasseurs5emeleger.fr\\\/\",\"logo\":{\"@type\":\"ImageObject\",\"inLanguage\":\"fr-FR\",\"@id\":\"https:\\\/\\\/chasseurs5emeleger.fr\\\/#\\\/schema\\\/logo\\\/image\\\/\",\"url\":\"https:\\\/\\\/chasseurs5emeleger.fr\\\/wp-content\\\/uploads\\\/2022\\\/04\\\/Logo-detoure-scaled.jpg\",\"contentUrl\":\"https:\\\/\\\/chasseurs5emeleger.fr\\\/wp-content\\\/uploads\\\/2022\\\/04\\\/Logo-detoure-scaled.jpg\",\"width\":2438,\"height\":2560,\"caption\":\"Chasseurs du 5\u00e8me R\u00e9giment d'infanterie l\u00e9g\u00e8re\"},\"image\":{\"@id\":\"https:\\\/\\\/chasseurs5emeleger.fr\\\/#\\\/schema\\\/logo\\\/image\\\/\"},\"sameAs\":[\"https:\\\/\\\/www.facebook.com\\\/chasseurs.5emeleger\\\/\"]}]}<\/script>\n<!-- \/ Yoast SEO plugin. -->","yoast_head_json":{"title":"Draguignan - 21 et 22 Septembre 2019 &#8211; Chasseurs du 5\u00e8me R\u00e9giment d&#039;Infanterie L\u00e9g\u00e8re","robots":{"index":"index","follow":"follow","max-snippet":"max-snippet:-1","max-image-preview":"max-image-preview:large","max-video-preview":"max-video-preview:-1"},"canonical":"https:\/\/chasseurs5emeleger.fr\/index.php\/photos\/draguignan-21-et-22-septembre\/","og_locale":"fr_FR","og_type":"article","og_title":"Draguignan - 21 et 22 Septembre 2019 &#8211; Chasseurs du 5\u00e8me R\u00e9giment d&#039;Infanterie L\u00e9g\u00e8re","og_description":"Journ\u00e9es Europ\u00e9ennes du Patrimoine, Draguignan (83) 21 et 22 Septembre","og_url":"https:\/\/chasseurs5emeleger.fr\/index.php\/photos\/draguignan-21-et-22-septembre\/","og_site_name":"Chasseurs du 5\u00e8me R\u00e9giment d&#039;Infanterie L\u00e9g\u00e8re","article_publisher":"https:\/\/www.facebook.com\/chasseurs.5emeleger\/","article_modified_time":"2025-02-01T22:24:54+00:00","og_image":[{"width":1024,"height":683,"url":"https:\/\/chasseurs5emeleger.fr\/wp-content\/uploads\/2019\/09\/FB_IMG_1569226046628.jpg","type":"image\/jpeg"}],"schema":{"@context":"https:\/\/schema.org","@graph":[{"@type":"WebPage","@id":"https:\/\/chasseurs5emeleger.fr\/index.php\/photos\/draguignan-21-et-22-septembre\/","url":"https:\/\/chasseurs5emeleger.fr\/index.php\/photos\/draguignan-21-et-22-septembre\/","name":"Draguignan - 21 et 22 Septembre 2019 &#8211; Chasseurs du 5\u00e8me R\u00e9giment d&#039;Infanterie L\u00e9g\u00e8re","isPartOf":{"@id":"https:\/\/chasseurs5emeleger.fr\/#website"},"primaryImageOfPage":{"@id":"https:\/\/chasseurs5emeleger.fr\/index.php\/photos\/draguignan-21-et-22-septembre\/#primaryimage"},"image":{"@id":"https:\/\/chasseurs5emeleger.fr\/index.php\/photos\/draguignan-21-et-22-septembre\/#primaryimage"},"thumbnailUrl":"https:\/\/chasseurs5emeleger.fr\/wp-content\/uploads\/2019\/09\/FB_IMG_1569226046628-1024x683.jpg","datePublished":"2019-09-28T18:35:44+00:00","dateModified":"2025-02-01T22:24:54+00:00","breadcrumb":{"@id":"https:\/\/chasseurs5emeleger.fr\/index.php\/photos\/draguignan-21-et-22-septembre\/#breadcrumb"},"inLanguage":"fr-FR","potentialAction":[{"@type":"ReadAction","target":["https:\/\/chasseurs5emeleger.fr\/index.php\/photos\/draguignan-21-et-22-septembre\/"]}]},{"@type":"ImageObject","inLanguage":"fr-FR","@id":"https:\/\/chasseurs5emeleger.fr\/index.php\/photos\/draguignan-21-et-22-septembre\/#primaryimage","url":"https:\/\/chasseurs5emeleger.fr\/wp-content\/uploads\/2019\/09\/FB_IMG_1569226046628.jpg","contentUrl":"https:\/\/chasseurs5emeleger.fr\/wp-content\/uploads\/2019\/09\/FB_IMG_1569226046628.jpg","width":1024,"height":683},{"@type":"BreadcrumbList","@id":"https:\/\/chasseurs5emeleger.fr\/index.php\/photos\/draguignan-21-et-22-septembre\/#breadcrumb","itemListElement":[{"@type":"ListItem","position":1,"name":"Accueil","item":"https:\/\/chasseurs5emeleger.fr\/"},{"@type":"ListItem","position":2,"name":"Photos","item":"https:\/\/chasseurs5emeleger.fr\/index.php\/photos\/"},{"@type":"ListItem","position":3,"name":"Draguignan &#8211; 21 et 22 Septembre 2019"}]},{"@type":"WebSite","@id":"https:\/\/chasseurs5emeleger.fr\/#website","url":"https:\/\/chasseurs5emeleger.fr\/","name":"Chasseurs du 5\u00e8me R\u00e9giment d&#039;Infanterie L\u00e9g\u00e8re","description":"","publisher":{"@id":"https:\/\/chasseurs5emeleger.fr\/#organization"},"potentialAction":[{"@type":"SearchAction","target":{"@type":"EntryPoint","urlTemplate":"https:\/\/chasseurs5emeleger.fr\/?s={search_term_string}"},"query-input":{"@type":"PropertyValueSpecification","valueRequired":true,"valueName":"search_term_string"}}],"inLanguage":"fr-FR"},{"@type":"Organization","@id":"https:\/\/chasseurs5emeleger.fr\/#organization","name":"Chasseurs du 5\u00e8me R\u00e9giment d'infanterie l\u00e9g\u00e8re","url":"https:\/\/chasseurs5emeleger.fr\/","logo":{"@type":"ImageObject","inLanguage":"fr-FR","@id":"https:\/\/chasseurs5emeleger.fr\/#\/schema\/logo\/image\/","url":"https:\/\/chasseurs5emeleger.fr\/wp-content\/uploads\/2022\/04\/Logo-detoure-scaled.jpg","contentUrl":"https:\/\/chasseurs5emeleger.fr\/wp-content\/uploads\/2022\/04\/Logo-detoure-scaled.jpg","width":2438,"height":2560,"caption":"Chasseurs du 5\u00e8me R\u00e9giment d'infanterie l\u00e9g\u00e8re"},"image":{"@id":"https:\/\/chasseurs5emeleger.fr\/#\/schema\/logo\/image\/"},"sameAs":["https:\/\/www.facebook.com\/chasseurs.5emeleger\/"]}]}},"_links":{"self":[{"href":"https:\/\/chasseurs5emeleger.fr\/index.php\/wp-json\/wp\/v2\/pages\/1915","targetHints":{"allow":["GET"]}}],"collection":[{"href":"https:\/\/chasseurs5emeleger.fr\/index.php\/wp-json\/wp\/v2\/pages"}],"about":[{"href":"https:\/\/chasseurs5emeleger.fr\/index.php\/wp-json\/wp\/v2\/types\/page"}],"author":[{"embeddable":true,"href":"https:\/\/chasseurs5emeleger.fr\/index.php\/wp-json\/wp\/v2\/users\/2"}],"replies":[{"embeddable":true,"href":"https:\/\/chasseurs5emeleger.fr\/index.php\/wp-json\/wp\/v2\/comments?post=1915"}],"version-history":[{"count":6,"href":"https:\/\/chasseurs5emeleger.fr\/index.php\/wp-json\/wp\/v2\/pages\/1915\/revisions"}],"predecessor-version":[{"id":5684,"href":"https:\/\/chasseurs5emeleger.fr\/index.php\/wp-json\/wp\/v2\/pages\/1915\/revisions\/5684"}],"up":[{"embeddable":true,"href":"https:\/\/chasseurs5emeleger.fr\/index.php\/wp-json\/wp\/v2\/pages\/1057"}],"wp:attachment":[{"href":"https:\/\/chasseurs5emeleger.fr\/index.php\/wp-json\/wp\/v2\/media?parent=1915"}],"curies":[{"name":"wp","href":"https:\/\/api.w.org\/{rel}","templated":true}]}}