{"id":2948,"date":"2021-12-11T22:11:08","date_gmt":"2021-12-11T21:11:08","guid":{"rendered":"https:\/\/chasseurs5emeleger.fr\/?page_id=2948"},"modified":"2025-10-12T21:13:38","modified_gmt":"2025-10-12T19:13:38","slug":"nice-journees-imperiales-30-et-31-octobre","status":"publish","type":"page","link":"https:\/\/chasseurs5emeleger.fr\/index.php\/photos\/nice-journees-imperiales-30-et-31-octobre\/","title":{"rendered":"Nice &#8211; Journ\u00e9es Imp\u00e9riales &#8211; 30 et 31 Octobre 2021"},"content":{"rendered":"\n<p class=\"has-text-align-center has-text-color has-large-font-size\" style=\"color:#000794\">Nice (06) &#8211; Journ\u00e9es Imp\u00e9riales &#8211; 30 et 31 Octobre<\/p>\n\n\n\n<figure class=\"wp-block-gallery has-nested-images columns-2 wp-block-gallery-1 is-layout-flex wp-block-gallery-is-layout-flex\">\n<figure class=\"wp-block-image size-large\"><img loading=\"lazy\" decoding=\"async\" width=\"930\" height=\"768\" data-id=\"2949\" src=\"https:\/\/chasseurs5emeleger.fr\/wp-content\/uploads\/2021\/12\/DSC02789-2.jpg\" alt=\"\" class=\"wp-image-2949\" srcset=\"https:\/\/chasseurs5emeleger.fr\/wp-content\/uploads\/2021\/12\/DSC02789-2.jpg 930w, https:\/\/chasseurs5emeleger.fr\/wp-content\/uploads\/2021\/12\/DSC02789-2-300x248.jpg 300w, https:\/\/chasseurs5emeleger.fr\/wp-content\/uploads\/2021\/12\/DSC02789-2-768x634.jpg 768w\" sizes=\"auto, (max-width: 930px) 100vw, 930px\" \/><\/figure>\n\n\n\n<figure class=\"wp-block-image size-large\"><img loading=\"lazy\" decoding=\"async\" width=\"1024\" height=\"601\" data-id=\"2950\" src=\"https:\/\/chasseurs5emeleger.fr\/wp-content\/uploads\/2021\/12\/DSC02791-2.jpg\" alt=\"\" class=\"wp-image-2950\" srcset=\"https:\/\/chasseurs5emeleger.fr\/wp-content\/uploads\/2021\/12\/DSC02791-2.jpg 1024w, https:\/\/chasseurs5emeleger.fr\/wp-content\/uploads\/2021\/12\/DSC02791-2-300x176.jpg 300w, https:\/\/chasseurs5emeleger.fr\/wp-content\/uploads\/2021\/12\/DSC02791-2-768x451.jpg 768w\" sizes=\"auto, (max-width: 1024px) 100vw, 1024px\" \/><\/figure>\n\n\n\n<figure class=\"wp-block-image size-large\"><img loading=\"lazy\" decoding=\"async\" width=\"768\" height=\"1024\" data-id=\"2951\" src=\"https:\/\/chasseurs5emeleger.fr\/wp-content\/uploads\/2021\/12\/DSC02796.jpg\" alt=\"\" class=\"wp-image-2951\" srcset=\"https:\/\/chasseurs5emeleger.fr\/wp-content\/uploads\/2021\/12\/DSC02796.jpg 768w, https:\/\/chasseurs5emeleger.fr\/wp-content\/uploads\/2021\/12\/DSC02796-225x300.jpg 225w\" sizes=\"auto, (max-width: 768px) 100vw, 768px\" \/><\/figure>\n\n\n\n<figure class=\"wp-block-image size-large\"><img loading=\"lazy\" decoding=\"async\" width=\"707\" height=\"1024\" data-id=\"2952\" src=\"https:\/\/chasseurs5emeleger.fr\/wp-content\/uploads\/2021\/12\/DSC02799-2.jpg\" alt=\"\" class=\"wp-image-2952\" srcset=\"https:\/\/chasseurs5emeleger.fr\/wp-content\/uploads\/2021\/12\/DSC02799-2.jpg 707w, https:\/\/chasseurs5emeleger.fr\/wp-content\/uploads\/2021\/12\/DSC02799-2-207x300.jpg 207w\" sizes=\"auto, (max-width: 707px) 100vw, 707px\" \/><\/figure>\n\n\n\n<figure class=\"wp-block-image size-large\"><img loading=\"lazy\" decoding=\"async\" width=\"1024\" height=\"768\" data-id=\"2953\" src=\"https:\/\/chasseurs5emeleger.fr\/wp-content\/uploads\/2021\/12\/DSC02800.jpg\" alt=\"\" class=\"wp-image-2953\" srcset=\"https:\/\/chasseurs5emeleger.fr\/wp-content\/uploads\/2021\/12\/DSC02800.jpg 1024w, https:\/\/chasseurs5emeleger.fr\/wp-content\/uploads\/2021\/12\/DSC02800-300x225.jpg 300w, https:\/\/chasseurs5emeleger.fr\/wp-content\/uploads\/2021\/12\/DSC02800-768x576.jpg 768w\" sizes=\"auto, (max-width: 1024px) 100vw, 1024px\" \/><\/figure>\n\n\n\n<figure class=\"wp-block-image size-large\"><img loading=\"lazy\" decoding=\"async\" width=\"768\" height=\"1024\" data-id=\"2954\" src=\"https:\/\/chasseurs5emeleger.fr\/wp-content\/uploads\/2021\/12\/DSC02802.jpg\" alt=\"\" class=\"wp-image-2954\" srcset=\"https:\/\/chasseurs5emeleger.fr\/wp-content\/uploads\/2021\/12\/DSC02802.jpg 768w, https:\/\/chasseurs5emeleger.fr\/wp-content\/uploads\/2021\/12\/DSC02802-225x300.jpg 225w\" sizes=\"auto, (max-width: 768px) 100vw, 768px\" \/><\/figure>\n\n\n\n<figure class=\"wp-block-image size-large\"><img loading=\"lazy\" decoding=\"async\" width=\"1024\" height=\"768\" data-id=\"2956\" src=\"https:\/\/chasseurs5emeleger.fr\/wp-content\/uploads\/2021\/12\/DSC02816.jpg\" alt=\"\" class=\"wp-image-2956\" srcset=\"https:\/\/chasseurs5emeleger.fr\/wp-content\/uploads\/2021\/12\/DSC02816.jpg 1024w, https:\/\/chasseurs5emeleger.fr\/wp-content\/uploads\/2021\/12\/DSC02816-300x225.jpg 300w, https:\/\/chasseurs5emeleger.fr\/wp-content\/uploads\/2021\/12\/DSC02816-768x576.jpg 768w\" sizes=\"auto, (max-width: 1024px) 100vw, 1024px\" \/><\/figure>\n\n\n\n<figure class=\"wp-block-image size-large\"><img loading=\"lazy\" decoding=\"async\" width=\"1024\" height=\"768\" data-id=\"2958\" src=\"https:\/\/chasseurs5emeleger.fr\/wp-content\/uploads\/2021\/12\/IMG_20211030_105003.jpg\" alt=\"\" class=\"wp-image-2958\" srcset=\"https:\/\/chasseurs5emeleger.fr\/wp-content\/uploads\/2021\/12\/IMG_20211030_105003.jpg 1024w, https:\/\/chasseurs5emeleger.fr\/wp-content\/uploads\/2021\/12\/IMG_20211030_105003-300x225.jpg 300w, https:\/\/chasseurs5emeleger.fr\/wp-content\/uploads\/2021\/12\/IMG_20211030_105003-768x576.jpg 768w\" sizes=\"auto, (max-width: 1024px) 100vw, 1024px\" \/><\/figure>\n\n\n\n<figure class=\"wp-block-image size-large\"><img loading=\"lazy\" decoding=\"async\" width=\"768\" height=\"1020\" data-id=\"2957\" src=\"https:\/\/chasseurs5emeleger.fr\/wp-content\/uploads\/2021\/12\/IMG_20211030_104655.jpg\" alt=\"\" class=\"wp-image-2957\" srcset=\"https:\/\/chasseurs5emeleger.fr\/wp-content\/uploads\/2021\/12\/IMG_20211030_104655.jpg 768w, https:\/\/chasseurs5emeleger.fr\/wp-content\/uploads\/2021\/12\/IMG_20211030_104655-226x300.jpg 226w\" sizes=\"auto, (max-width: 768px) 100vw, 768px\" \/><\/figure>\n\n\n\n<figure class=\"wp-block-image size-large\"><img loading=\"lazy\" decoding=\"async\" width=\"472\" height=\"1024\" data-id=\"2955\" src=\"https:\/\/chasseurs5emeleger.fr\/wp-content\/uploads\/2021\/12\/DSC02809-2.jpg\" alt=\"\" class=\"wp-image-2955\" srcset=\"https:\/\/chasseurs5emeleger.fr\/wp-content\/uploads\/2021\/12\/DSC02809-2.jpg 472w, https:\/\/chasseurs5emeleger.fr\/wp-content\/uploads\/2021\/12\/DSC02809-2-138x300.jpg 138w\" sizes=\"auto, (max-width: 472px) 100vw, 472px\" \/><\/figure>\n\n\n\n<figure class=\"wp-block-image size-large\"><img loading=\"lazy\" decoding=\"async\" width=\"1020\" height=\"768\" data-id=\"2959\" src=\"https:\/\/chasseurs5emeleger.fr\/wp-content\/uploads\/2021\/12\/IMG_20211031_101555.jpg\" alt=\"\" class=\"wp-image-2959\" srcset=\"https:\/\/chasseurs5emeleger.fr\/wp-content\/uploads\/2021\/12\/IMG_20211031_101555.jpg 1020w, https:\/\/chasseurs5emeleger.fr\/wp-content\/uploads\/2021\/12\/IMG_20211031_101555-300x226.jpg 300w, https:\/\/chasseurs5emeleger.fr\/wp-content\/uploads\/2021\/12\/IMG_20211031_101555-768x578.jpg 768w\" sizes=\"auto, (max-width: 1020px) 100vw, 1020px\" \/><\/figure>\n<\/figure>\n","protected":false},"excerpt":{"rendered":"<p>Nice (06) &#8211; Journ\u00e9es Imp\u00e9riales &#8211; 30 et 31 Octobre<\/p>\n","protected":false},"author":2,"featured_media":0,"parent":1057,"menu_order":0,"comment_status":"closed","ping_status":"closed","template":"","meta":{"footnotes":""},"class_list":["post-2948","page","type-page","status-publish","hentry"],"yoast_head":"<!-- This site is optimized with the Yoast SEO plugin v27.5 - https:\/\/yoast.com\/product\/yoast-seo-wordpress\/ -->\n<title>Nice - Journ\u00e9es Imp\u00e9riales - 30 et 31 Octobre 2021 &#8211; Chasseurs du 5\u00e8me R\u00e9giment d&#039;Infanterie L\u00e9g\u00e8re<\/title>\n<meta name=\"robots\" content=\"index, follow, max-snippet:-1, max-image-preview:large, max-video-preview:-1\" \/>\n<link rel=\"canonical\" href=\"https:\/\/chasseurs5emeleger.fr\/index.php\/photos\/nice-journees-imperiales-30-et-31-octobre\/\" \/>\n<meta property=\"og:locale\" content=\"fr_FR\" \/>\n<meta property=\"og:type\" content=\"article\" \/>\n<meta property=\"og:title\" content=\"Nice - Journ\u00e9es Imp\u00e9riales - 30 et 31 Octobre 2021 &#8211; Chasseurs du 5\u00e8me R\u00e9giment d&#039;Infanterie L\u00e9g\u00e8re\" \/>\n<meta property=\"og:description\" content=\"Nice (06) &#8211; Journ\u00e9es Imp\u00e9riales &#8211; 30 et 31 Octobre\" \/>\n<meta property=\"og:url\" content=\"https:\/\/chasseurs5emeleger.fr\/index.php\/photos\/nice-journees-imperiales-30-et-31-octobre\/\" \/>\n<meta property=\"og:site_name\" content=\"Chasseurs du 5\u00e8me R\u00e9giment d&#039;Infanterie L\u00e9g\u00e8re\" \/>\n<meta property=\"article:publisher\" content=\"https:\/\/www.facebook.com\/chasseurs.5emeleger\/\" \/>\n<meta property=\"article:modified_time\" content=\"2025-10-12T19:13:38+00:00\" \/>\n<meta property=\"og:image\" content=\"https:\/\/chasseurs5emeleger.fr\/wp-content\/uploads\/2021\/12\/DSC02789-2.jpg\" \/>\n\t<meta property=\"og:image:width\" content=\"930\" \/>\n\t<meta property=\"og:image:height\" content=\"768\" \/>\n\t<meta property=\"og:image:type\" content=\"image\/jpeg\" \/>\n<script type=\"application\/ld+json\" class=\"yoast-schema-graph\">{\"@context\":\"https:\\\/\\\/schema.org\",\"@graph\":[{\"@type\":\"WebPage\",\"@id\":\"https:\\\/\\\/chasseurs5emeleger.fr\\\/index.php\\\/photos\\\/nice-journees-imperiales-30-et-31-octobre\\\/\",\"url\":\"https:\\\/\\\/chasseurs5emeleger.fr\\\/index.php\\\/photos\\\/nice-journees-imperiales-30-et-31-octobre\\\/\",\"name\":\"Nice - Journ\u00e9es Imp\u00e9riales - 30 et 31 Octobre 2021 &#8211; Chasseurs du 5\u00e8me R\u00e9giment d&#039;Infanterie L\u00e9g\u00e8re\",\"isPartOf\":{\"@id\":\"https:\\\/\\\/chasseurs5emeleger.fr\\\/#website\"},\"primaryImageOfPage\":{\"@id\":\"https:\\\/\\\/chasseurs5emeleger.fr\\\/index.php\\\/photos\\\/nice-journees-imperiales-30-et-31-octobre\\\/#primaryimage\"},\"image\":{\"@id\":\"https:\\\/\\\/chasseurs5emeleger.fr\\\/index.php\\\/photos\\\/nice-journees-imperiales-30-et-31-octobre\\\/#primaryimage\"},\"thumbnailUrl\":\"https:\\\/\\\/chasseurs5emeleger.fr\\\/wp-content\\\/uploads\\\/2021\\\/12\\\/DSC02789-2.jpg\",\"datePublished\":\"2021-12-11T21:11:08+00:00\",\"dateModified\":\"2025-10-12T19:13:38+00:00\",\"breadcrumb\":{\"@id\":\"https:\\\/\\\/chasseurs5emeleger.fr\\\/index.php\\\/photos\\\/nice-journees-imperiales-30-et-31-octobre\\\/#breadcrumb\"},\"inLanguage\":\"fr-FR\",\"potentialAction\":[{\"@type\":\"ReadAction\",\"target\":[\"https:\\\/\\\/chasseurs5emeleger.fr\\\/index.php\\\/photos\\\/nice-journees-imperiales-30-et-31-octobre\\\/\"]}]},{\"@type\":\"ImageObject\",\"inLanguage\":\"fr-FR\",\"@id\":\"https:\\\/\\\/chasseurs5emeleger.fr\\\/index.php\\\/photos\\\/nice-journees-imperiales-30-et-31-octobre\\\/#primaryimage\",\"url\":\"https:\\\/\\\/chasseurs5emeleger.fr\\\/wp-content\\\/uploads\\\/2021\\\/12\\\/DSC02789-2.jpg\",\"contentUrl\":\"https:\\\/\\\/chasseurs5emeleger.fr\\\/wp-content\\\/uploads\\\/2021\\\/12\\\/DSC02789-2.jpg\",\"width\":930,\"height\":768},{\"@type\":\"BreadcrumbList\",\"@id\":\"https:\\\/\\\/chasseurs5emeleger.fr\\\/index.php\\\/photos\\\/nice-journees-imperiales-30-et-31-octobre\\\/#breadcrumb\",\"itemListElement\":[{\"@type\":\"ListItem\",\"position\":1,\"name\":\"Accueil\",\"item\":\"https:\\\/\\\/chasseurs5emeleger.fr\\\/\"},{\"@type\":\"ListItem\",\"position\":2,\"name\":\"Photos\",\"item\":\"https:\\\/\\\/chasseurs5emeleger.fr\\\/index.php\\\/photos\\\/\"},{\"@type\":\"ListItem\",\"position\":3,\"name\":\"Nice &#8211; Journ\u00e9es Imp\u00e9riales &#8211; 30 et 31 Octobre 2021\"}]},{\"@type\":\"WebSite\",\"@id\":\"https:\\\/\\\/chasseurs5emeleger.fr\\\/#website\",\"url\":\"https:\\\/\\\/chasseurs5emeleger.fr\\\/\",\"name\":\"Chasseurs du 5\u00e8me R\u00e9giment d&#039;Infanterie L\u00e9g\u00e8re\",\"description\":\"\",\"publisher\":{\"@id\":\"https:\\\/\\\/chasseurs5emeleger.fr\\\/#organization\"},\"potentialAction\":[{\"@type\":\"SearchAction\",\"target\":{\"@type\":\"EntryPoint\",\"urlTemplate\":\"https:\\\/\\\/chasseurs5emeleger.fr\\\/?s={search_term_string}\"},\"query-input\":{\"@type\":\"PropertyValueSpecification\",\"valueRequired\":true,\"valueName\":\"search_term_string\"}}],\"inLanguage\":\"fr-FR\"},{\"@type\":\"Organization\",\"@id\":\"https:\\\/\\\/chasseurs5emeleger.fr\\\/#organization\",\"name\":\"Chasseurs du 5\u00e8me R\u00e9giment d'infanterie l\u00e9g\u00e8re\",\"url\":\"https:\\\/\\\/chasseurs5emeleger.fr\\\/\",\"logo\":{\"@type\":\"ImageObject\",\"inLanguage\":\"fr-FR\",\"@id\":\"https:\\\/\\\/chasseurs5emeleger.fr\\\/#\\\/schema\\\/logo\\\/image\\\/\",\"url\":\"https:\\\/\\\/chasseurs5emeleger.fr\\\/wp-content\\\/uploads\\\/2022\\\/04\\\/Logo-detoure-scaled.jpg\",\"contentUrl\":\"https:\\\/\\\/chasseurs5emeleger.fr\\\/wp-content\\\/uploads\\\/2022\\\/04\\\/Logo-detoure-scaled.jpg\",\"width\":2438,\"height\":2560,\"caption\":\"Chasseurs du 5\u00e8me R\u00e9giment d'infanterie l\u00e9g\u00e8re\"},\"image\":{\"@id\":\"https:\\\/\\\/chasseurs5emeleger.fr\\\/#\\\/schema\\\/logo\\\/image\\\/\"},\"sameAs\":[\"https:\\\/\\\/www.facebook.com\\\/chasseurs.5emeleger\\\/\"]}]}<\/script>\n<!-- \/ Yoast SEO plugin. -->","yoast_head_json":{"title":"Nice - Journ\u00e9es Imp\u00e9riales - 30 et 31 Octobre 2021 &#8211; Chasseurs du 5\u00e8me R\u00e9giment d&#039;Infanterie L\u00e9g\u00e8re","robots":{"index":"index","follow":"follow","max-snippet":"max-snippet:-1","max-image-preview":"max-image-preview:large","max-video-preview":"max-video-preview:-1"},"canonical":"https:\/\/chasseurs5emeleger.fr\/index.php\/photos\/nice-journees-imperiales-30-et-31-octobre\/","og_locale":"fr_FR","og_type":"article","og_title":"Nice - Journ\u00e9es Imp\u00e9riales - 30 et 31 Octobre 2021 &#8211; Chasseurs du 5\u00e8me R\u00e9giment d&#039;Infanterie L\u00e9g\u00e8re","og_description":"Nice (06) &#8211; Journ\u00e9es Imp\u00e9riales &#8211; 30 et 31 Octobre","og_url":"https:\/\/chasseurs5emeleger.fr\/index.php\/photos\/nice-journees-imperiales-30-et-31-octobre\/","og_site_name":"Chasseurs du 5\u00e8me R\u00e9giment d&#039;Infanterie L\u00e9g\u00e8re","article_publisher":"https:\/\/www.facebook.com\/chasseurs.5emeleger\/","article_modified_time":"2025-10-12T19:13:38+00:00","og_image":[{"width":930,"height":768,"url":"https:\/\/chasseurs5emeleger.fr\/wp-content\/uploads\/2021\/12\/DSC02789-2.jpg","type":"image\/jpeg"}],"schema":{"@context":"https:\/\/schema.org","@graph":[{"@type":"WebPage","@id":"https:\/\/chasseurs5emeleger.fr\/index.php\/photos\/nice-journees-imperiales-30-et-31-octobre\/","url":"https:\/\/chasseurs5emeleger.fr\/index.php\/photos\/nice-journees-imperiales-30-et-31-octobre\/","name":"Nice - Journ\u00e9es Imp\u00e9riales - 30 et 31 Octobre 2021 &#8211; Chasseurs du 5\u00e8me R\u00e9giment d&#039;Infanterie L\u00e9g\u00e8re","isPartOf":{"@id":"https:\/\/chasseurs5emeleger.fr\/#website"},"primaryImageOfPage":{"@id":"https:\/\/chasseurs5emeleger.fr\/index.php\/photos\/nice-journees-imperiales-30-et-31-octobre\/#primaryimage"},"image":{"@id":"https:\/\/chasseurs5emeleger.fr\/index.php\/photos\/nice-journees-imperiales-30-et-31-octobre\/#primaryimage"},"thumbnailUrl":"https:\/\/chasseurs5emeleger.fr\/wp-content\/uploads\/2021\/12\/DSC02789-2.jpg","datePublished":"2021-12-11T21:11:08+00:00","dateModified":"2025-10-12T19:13:38+00:00","breadcrumb":{"@id":"https:\/\/chasseurs5emeleger.fr\/index.php\/photos\/nice-journees-imperiales-30-et-31-octobre\/#breadcrumb"},"inLanguage":"fr-FR","potentialAction":[{"@type":"ReadAction","target":["https:\/\/chasseurs5emeleger.fr\/index.php\/photos\/nice-journees-imperiales-30-et-31-octobre\/"]}]},{"@type":"ImageObject","inLanguage":"fr-FR","@id":"https:\/\/chasseurs5emeleger.fr\/index.php\/photos\/nice-journees-imperiales-30-et-31-octobre\/#primaryimage","url":"https:\/\/chasseurs5emeleger.fr\/wp-content\/uploads\/2021\/12\/DSC02789-2.jpg","contentUrl":"https:\/\/chasseurs5emeleger.fr\/wp-content\/uploads\/2021\/12\/DSC02789-2.jpg","width":930,"height":768},{"@type":"BreadcrumbList","@id":"https:\/\/chasseurs5emeleger.fr\/index.php\/photos\/nice-journees-imperiales-30-et-31-octobre\/#breadcrumb","itemListElement":[{"@type":"ListItem","position":1,"name":"Accueil","item":"https:\/\/chasseurs5emeleger.fr\/"},{"@type":"ListItem","position":2,"name":"Photos","item":"https:\/\/chasseurs5emeleger.fr\/index.php\/photos\/"},{"@type":"ListItem","position":3,"name":"Nice &#8211; Journ\u00e9es Imp\u00e9riales &#8211; 30 et 31 Octobre 2021"}]},{"@type":"WebSite","@id":"https:\/\/chasseurs5emeleger.fr\/#website","url":"https:\/\/chasseurs5emeleger.fr\/","name":"Chasseurs du 5\u00e8me R\u00e9giment d&#039;Infanterie L\u00e9g\u00e8re","description":"","publisher":{"@id":"https:\/\/chasseurs5emeleger.fr\/#organization"},"potentialAction":[{"@type":"SearchAction","target":{"@type":"EntryPoint","urlTemplate":"https:\/\/chasseurs5emeleger.fr\/?s={search_term_string}"},"query-input":{"@type":"PropertyValueSpecification","valueRequired":true,"valueName":"search_term_string"}}],"inLanguage":"fr-FR"},{"@type":"Organization","@id":"https:\/\/chasseurs5emeleger.fr\/#organization","name":"Chasseurs du 5\u00e8me R\u00e9giment d'infanterie l\u00e9g\u00e8re","url":"https:\/\/chasseurs5emeleger.fr\/","logo":{"@type":"ImageObject","inLanguage":"fr-FR","@id":"https:\/\/chasseurs5emeleger.fr\/#\/schema\/logo\/image\/","url":"https:\/\/chasseurs5emeleger.fr\/wp-content\/uploads\/2022\/04\/Logo-detoure-scaled.jpg","contentUrl":"https:\/\/chasseurs5emeleger.fr\/wp-content\/uploads\/2022\/04\/Logo-detoure-scaled.jpg","width":2438,"height":2560,"caption":"Chasseurs du 5\u00e8me R\u00e9giment d'infanterie l\u00e9g\u00e8re"},"image":{"@id":"https:\/\/chasseurs5emeleger.fr\/#\/schema\/logo\/image\/"},"sameAs":["https:\/\/www.facebook.com\/chasseurs.5emeleger\/"]}]}},"_links":{"self":[{"href":"https:\/\/chasseurs5emeleger.fr\/index.php\/wp-json\/wp\/v2\/pages\/2948","targetHints":{"allow":["GET"]}}],"collection":[{"href":"https:\/\/chasseurs5emeleger.fr\/index.php\/wp-json\/wp\/v2\/pages"}],"about":[{"href":"https:\/\/chasseurs5emeleger.fr\/index.php\/wp-json\/wp\/v2\/types\/page"}],"author":[{"embeddable":true,"href":"https:\/\/chasseurs5emeleger.fr\/index.php\/wp-json\/wp\/v2\/users\/2"}],"replies":[{"embeddable":true,"href":"https:\/\/chasseurs5emeleger.fr\/index.php\/wp-json\/wp\/v2\/comments?post=2948"}],"version-history":[{"count":6,"href":"https:\/\/chasseurs5emeleger.fr\/index.php\/wp-json\/wp\/v2\/pages\/2948\/revisions"}],"predecessor-version":[{"id":5900,"href":"https:\/\/chasseurs5emeleger.fr\/index.php\/wp-json\/wp\/v2\/pages\/2948\/revisions\/5900"}],"up":[{"embeddable":true,"href":"https:\/\/chasseurs5emeleger.fr\/index.php\/wp-json\/wp\/v2\/pages\/1057"}],"wp:attachment":[{"href":"https:\/\/chasseurs5emeleger.fr\/index.php\/wp-json\/wp\/v2\/media?parent=2948"}],"curies":[{"name":"wp","href":"https:\/\/api.w.org\/{rel}","templated":true}]}}