{"id":3187,"date":"2022-08-17T10:52:32","date_gmt":"2022-08-17T08:52:32","guid":{"rendered":"https:\/\/chasseurs5emeleger.fr\/?page_id=3187"},"modified":"2022-08-17T10:53:38","modified_gmt":"2022-08-17T08:53:38","slug":"ensosp-aix-24-novembre-2021","status":"publish","type":"page","link":"https:\/\/chasseurs5emeleger.fr\/index.php\/photos\/ensosp-aix-24-novembre-2021\/","title":{"rendered":"ENSOSP &#8211; Aix-en-Provence &#8211; 24 Novembre 2021"},"content":{"rendered":"\n<p class=\"has-text-align-center has-text-color has-large-font-size\" style=\"color:#000794\">Aix-en-Provence (13) &#8211; 24 Novembre<\/p>\n\n\n\n<p class=\"has-text-align-center has-text-color has-medium-font-size\" style=\"color:#000794\"><em>Parrainage de la Promotion &#8220;Napol\u00e9on Bonaparte&#8221; <\/em><\/p>\n\n\n\n<p class=\"has-text-align-center has-text-color has-medium-font-size\" style=\"color:#000794\"><em>de l&#8217;Ecole Nationale Sup\u00e9rieure des Officiers Sapeurs Pompiers<\/em> (ENSOSP)<\/p>\n\n\n\n<figure class=\"wp-block-gallery has-nested-images columns-2 wp-block-gallery-1 is-layout-flex wp-block-gallery-is-layout-flex\">\n<figure class=\"wp-block-image\" id=\"block-8448b478-68bb-4cc6-a720-59e82f12c7cd\"><img decoding=\"async\" src=\"https:\/\/chasseurs5emeleger.fr\/wp-content\/uploads\/2022\/08\/1-2-1024x771.jpg\" alt=\"L\u2019attribut alt de cette image est vide, son nom de fichier est 1-2-1024x771.jpg.\"\/><\/figure>\n\n\n\n<figure class=\"wp-block-image size-large\"><img loading=\"lazy\" decoding=\"async\" width=\"1024\" height=\"771\" data-id=\"3193\" src=\"https:\/\/chasseurs5emeleger.fr\/wp-content\/uploads\/2022\/08\/3-1-1024x771.jpg\" alt=\"\" class=\"wp-image-3193\" srcset=\"https:\/\/chasseurs5emeleger.fr\/wp-content\/uploads\/2022\/08\/3-1-1024x771.jpg 1024w, https:\/\/chasseurs5emeleger.fr\/wp-content\/uploads\/2022\/08\/3-1-300x226.jpg 300w, https:\/\/chasseurs5emeleger.fr\/wp-content\/uploads\/2022\/08\/3-1-768x578.jpg 768w, https:\/\/chasseurs5emeleger.fr\/wp-content\/uploads\/2022\/08\/3-1.jpg 1080w\" sizes=\"auto, (max-width: 1024px) 100vw, 1024px\" \/><\/figure>\n\n\n\n<figure class=\"wp-block-image size-large\"><img loading=\"lazy\" decoding=\"async\" width=\"1024\" height=\"576\" data-id=\"3198\" src=\"https:\/\/chasseurs5emeleger.fr\/wp-content\/uploads\/2022\/08\/261094020_2040457442784691_2389861743703592939_n-1024x576.jpg\" alt=\"\" class=\"wp-image-3198\" srcset=\"https:\/\/chasseurs5emeleger.fr\/wp-content\/uploads\/2022\/08\/261094020_2040457442784691_2389861743703592939_n-1024x576.jpg 1024w, https:\/\/chasseurs5emeleger.fr\/wp-content\/uploads\/2022\/08\/261094020_2040457442784691_2389861743703592939_n-300x169.jpg 300w, https:\/\/chasseurs5emeleger.fr\/wp-content\/uploads\/2022\/08\/261094020_2040457442784691_2389861743703592939_n-768x432.jpg 768w, https:\/\/chasseurs5emeleger.fr\/wp-content\/uploads\/2022\/08\/261094020_2040457442784691_2389861743703592939_n-1536x864.jpg 1536w, https:\/\/chasseurs5emeleger.fr\/wp-content\/uploads\/2022\/08\/261094020_2040457442784691_2389861743703592939_n.jpg 1600w\" sizes=\"auto, (max-width: 1024px) 100vw, 1024px\" \/><\/figure>\n\n\n\n<figure class=\"wp-block-image size-large\"><img loading=\"lazy\" decoding=\"async\" width=\"1024\" height=\"576\" data-id=\"3197\" src=\"https:\/\/chasseurs5emeleger.fr\/wp-content\/uploads\/2022\/08\/260982031_2040457329451369_1747173227754535598_n-1024x576.jpg\" alt=\"\" class=\"wp-image-3197\" srcset=\"https:\/\/chasseurs5emeleger.fr\/wp-content\/uploads\/2022\/08\/260982031_2040457329451369_1747173227754535598_n-1024x576.jpg 1024w, https:\/\/chasseurs5emeleger.fr\/wp-content\/uploads\/2022\/08\/260982031_2040457329451369_1747173227754535598_n-300x169.jpg 300w, https:\/\/chasseurs5emeleger.fr\/wp-content\/uploads\/2022\/08\/260982031_2040457329451369_1747173227754535598_n-768x432.jpg 768w, https:\/\/chasseurs5emeleger.fr\/wp-content\/uploads\/2022\/08\/260982031_2040457329451369_1747173227754535598_n-1536x864.jpg 1536w, https:\/\/chasseurs5emeleger.fr\/wp-content\/uploads\/2022\/08\/260982031_2040457329451369_1747173227754535598_n.jpg 1600w\" sizes=\"auto, (max-width: 1024px) 100vw, 1024px\" \/><\/figure>\n\n\n\n<figure class=\"wp-block-image size-large\"><img loading=\"lazy\" decoding=\"async\" width=\"917\" height=\"1024\" data-id=\"3199\" src=\"https:\/\/chasseurs5emeleger.fr\/wp-content\/uploads\/2022\/08\/2-3-917x1024.jpeg\" alt=\"\" class=\"wp-image-3199\" srcset=\"https:\/\/chasseurs5emeleger.fr\/wp-content\/uploads\/2022\/08\/2-3-917x1024.jpeg 917w, https:\/\/chasseurs5emeleger.fr\/wp-content\/uploads\/2022\/08\/2-3-269x300.jpeg 269w, https:\/\/chasseurs5emeleger.fr\/wp-content\/uploads\/2022\/08\/2-3-768x857.jpeg 768w, https:\/\/chasseurs5emeleger.fr\/wp-content\/uploads\/2022\/08\/2-3-1376x1536.jpeg 1376w, https:\/\/chasseurs5emeleger.fr\/wp-content\/uploads\/2022\/08\/2-3-1835x2048.jpeg 1835w\" sizes=\"auto, (max-width: 917px) 100vw, 917px\" \/><\/figure>\n\n\n\n<figure class=\"wp-block-image size-large\"><img loading=\"lazy\" decoding=\"async\" width=\"576\" height=\"1024\" data-id=\"3195\" src=\"https:\/\/chasseurs5emeleger.fr\/wp-content\/uploads\/2022\/08\/260905848_2040457422784693_7676629995833362330_n-576x1024.jpg\" alt=\"\" class=\"wp-image-3195\" srcset=\"https:\/\/chasseurs5emeleger.fr\/wp-content\/uploads\/2022\/08\/260905848_2040457422784693_7676629995833362330_n-576x1024.jpg 576w, https:\/\/chasseurs5emeleger.fr\/wp-content\/uploads\/2022\/08\/260905848_2040457422784693_7676629995833362330_n-169x300.jpg 169w, https:\/\/chasseurs5emeleger.fr\/wp-content\/uploads\/2022\/08\/260905848_2040457422784693_7676629995833362330_n-768x1365.jpg 768w, https:\/\/chasseurs5emeleger.fr\/wp-content\/uploads\/2022\/08\/260905848_2040457422784693_7676629995833362330_n-864x1536.jpg 864w, https:\/\/chasseurs5emeleger.fr\/wp-content\/uploads\/2022\/08\/260905848_2040457422784693_7676629995833362330_n.jpg 900w\" sizes=\"auto, (max-width: 576px) 100vw, 576px\" \/><\/figure>\n\n\n\n<figure class=\"wp-block-image size-large\"><img loading=\"lazy\" decoding=\"async\" width=\"1024\" height=\"576\" data-id=\"3196\" src=\"https:\/\/chasseurs5emeleger.fr\/wp-content\/uploads\/2022\/08\/261161384_2040457556118013_4830467689060247281_n-1024x576.jpg\" alt=\"\" class=\"wp-image-3196\" srcset=\"https:\/\/chasseurs5emeleger.fr\/wp-content\/uploads\/2022\/08\/261161384_2040457556118013_4830467689060247281_n-1024x576.jpg 1024w, https:\/\/chasseurs5emeleger.fr\/wp-content\/uploads\/2022\/08\/261161384_2040457556118013_4830467689060247281_n-300x169.jpg 300w, https:\/\/chasseurs5emeleger.fr\/wp-content\/uploads\/2022\/08\/261161384_2040457556118013_4830467689060247281_n-768x432.jpg 768w, https:\/\/chasseurs5emeleger.fr\/wp-content\/uploads\/2022\/08\/261161384_2040457556118013_4830467689060247281_n-1536x864.jpg 1536w, https:\/\/chasseurs5emeleger.fr\/wp-content\/uploads\/2022\/08\/261161384_2040457556118013_4830467689060247281_n.jpg 1600w\" sizes=\"auto, (max-width: 1024px) 100vw, 1024px\" \/><\/figure>\n\n\n\n<figure class=\"wp-block-image size-large\"><img loading=\"lazy\" decoding=\"async\" width=\"765\" height=\"576\" data-id=\"3194\" src=\"https:\/\/chasseurs5emeleger.fr\/wp-content\/uploads\/2022\/08\/4-1.jpg\" alt=\"\" class=\"wp-image-3194\" srcset=\"https:\/\/chasseurs5emeleger.fr\/wp-content\/uploads\/2022\/08\/4-1.jpg 765w, https:\/\/chasseurs5emeleger.fr\/wp-content\/uploads\/2022\/08\/4-1-300x226.jpg 300w\" sizes=\"auto, (max-width: 765px) 100vw, 765px\" \/><\/figure>\n<\/figure>\n","protected":false},"excerpt":{"rendered":"<p>Aix-en-Provence (13) &#8211; 24 Novembre Parrainage de la Promotion &#8220;Napol\u00e9on Bonaparte&#8221; de l&#8217;Ecole Nationale Sup\u00e9rieure des Officiers Sapeurs Pompiers (ENSOSP)<\/p>\n","protected":false},"author":2,"featured_media":0,"parent":1057,"menu_order":0,"comment_status":"closed","ping_status":"closed","template":"","meta":{"footnotes":""},"class_list":["post-3187","page","type-page","status-publish","hentry"],"yoast_head":"<!-- This site is optimized with the Yoast SEO plugin v27.5 - https:\/\/yoast.com\/product\/yoast-seo-wordpress\/ -->\n<title>ENSOSP - Aix-en-Provence - 24 Novembre 2021 &#8211; Chasseurs du 5\u00e8me R\u00e9giment d&#039;Infanterie L\u00e9g\u00e8re<\/title>\n<meta name=\"robots\" content=\"index, follow, max-snippet:-1, max-image-preview:large, max-video-preview:-1\" \/>\n<link rel=\"canonical\" href=\"https:\/\/chasseurs5emeleger.fr\/index.php\/photos\/ensosp-aix-24-novembre-2021\/\" \/>\n<meta property=\"og:locale\" content=\"fr_FR\" \/>\n<meta property=\"og:type\" content=\"article\" \/>\n<meta property=\"og:title\" content=\"ENSOSP - Aix-en-Provence - 24 Novembre 2021 &#8211; Chasseurs du 5\u00e8me R\u00e9giment d&#039;Infanterie L\u00e9g\u00e8re\" \/>\n<meta property=\"og:description\" content=\"Aix-en-Provence (13) &#8211; 24 Novembre Parrainage de la Promotion &#8220;Napol\u00e9on Bonaparte&#8221; de l&#8217;Ecole Nationale Sup\u00e9rieure des Officiers Sapeurs Pompiers (ENSOSP)\" \/>\n<meta property=\"og:url\" content=\"https:\/\/chasseurs5emeleger.fr\/index.php\/photos\/ensosp-aix-24-novembre-2021\/\" \/>\n<meta property=\"og:site_name\" content=\"Chasseurs du 5\u00e8me R\u00e9giment d&#039;Infanterie L\u00e9g\u00e8re\" \/>\n<meta property=\"article:publisher\" content=\"https:\/\/www.facebook.com\/chasseurs.5emeleger\/\" \/>\n<meta property=\"article:modified_time\" content=\"2022-08-17T08:53:38+00:00\" \/>\n<meta property=\"og:image\" content=\"https:\/\/chasseurs5emeleger.fr\/wp-content\/uploads\/2022\/08\/1-2-1024x771.jpg\" \/>\n<script type=\"application\/ld+json\" class=\"yoast-schema-graph\">{\"@context\":\"https:\\\/\\\/schema.org\",\"@graph\":[{\"@type\":\"WebPage\",\"@id\":\"https:\\\/\\\/chasseurs5emeleger.fr\\\/index.php\\\/photos\\\/ensosp-aix-24-novembre-2021\\\/\",\"url\":\"https:\\\/\\\/chasseurs5emeleger.fr\\\/index.php\\\/photos\\\/ensosp-aix-24-novembre-2021\\\/\",\"name\":\"ENSOSP - Aix-en-Provence - 24 Novembre 2021 &#8211; Chasseurs du 5\u00e8me R\u00e9giment d&#039;Infanterie L\u00e9g\u00e8re\",\"isPartOf\":{\"@id\":\"https:\\\/\\\/chasseurs5emeleger.fr\\\/#website\"},\"primaryImageOfPage\":{\"@id\":\"https:\\\/\\\/chasseurs5emeleger.fr\\\/index.php\\\/photos\\\/ensosp-aix-24-novembre-2021\\\/#primaryimage\"},\"image\":{\"@id\":\"https:\\\/\\\/chasseurs5emeleger.fr\\\/index.php\\\/photos\\\/ensosp-aix-24-novembre-2021\\\/#primaryimage\"},\"thumbnailUrl\":\"https:\\\/\\\/chasseurs5emeleger.fr\\\/wp-content\\\/uploads\\\/2022\\\/08\\\/1-2-1024x771.jpg\",\"datePublished\":\"2022-08-17T08:52:32+00:00\",\"dateModified\":\"2022-08-17T08:53:38+00:00\",\"breadcrumb\":{\"@id\":\"https:\\\/\\\/chasseurs5emeleger.fr\\\/index.php\\\/photos\\\/ensosp-aix-24-novembre-2021\\\/#breadcrumb\"},\"inLanguage\":\"fr-FR\",\"potentialAction\":[{\"@type\":\"ReadAction\",\"target\":[\"https:\\\/\\\/chasseurs5emeleger.fr\\\/index.php\\\/photos\\\/ensosp-aix-24-novembre-2021\\\/\"]}]},{\"@type\":\"ImageObject\",\"inLanguage\":\"fr-FR\",\"@id\":\"https:\\\/\\\/chasseurs5emeleger.fr\\\/index.php\\\/photos\\\/ensosp-aix-24-novembre-2021\\\/#primaryimage\",\"url\":\"https:\\\/\\\/chasseurs5emeleger.fr\\\/wp-content\\\/uploads\\\/2022\\\/08\\\/1-2.jpg\",\"contentUrl\":\"https:\\\/\\\/chasseurs5emeleger.fr\\\/wp-content\\\/uploads\\\/2022\\\/08\\\/1-2.jpg\",\"width\":1080,\"height\":813},{\"@type\":\"BreadcrumbList\",\"@id\":\"https:\\\/\\\/chasseurs5emeleger.fr\\\/index.php\\\/photos\\\/ensosp-aix-24-novembre-2021\\\/#breadcrumb\",\"itemListElement\":[{\"@type\":\"ListItem\",\"position\":1,\"name\":\"Accueil\",\"item\":\"https:\\\/\\\/chasseurs5emeleger.fr\\\/\"},{\"@type\":\"ListItem\",\"position\":2,\"name\":\"Photos\",\"item\":\"https:\\\/\\\/chasseurs5emeleger.fr\\\/index.php\\\/photos\\\/\"},{\"@type\":\"ListItem\",\"position\":3,\"name\":\"ENSOSP &#8211; Aix-en-Provence &#8211; 24 Novembre 2021\"}]},{\"@type\":\"WebSite\",\"@id\":\"https:\\\/\\\/chasseurs5emeleger.fr\\\/#website\",\"url\":\"https:\\\/\\\/chasseurs5emeleger.fr\\\/\",\"name\":\"Chasseurs du 5\u00e8me R\u00e9giment d&#039;Infanterie L\u00e9g\u00e8re\",\"description\":\"\",\"publisher\":{\"@id\":\"https:\\\/\\\/chasseurs5emeleger.fr\\\/#organization\"},\"potentialAction\":[{\"@type\":\"SearchAction\",\"target\":{\"@type\":\"EntryPoint\",\"urlTemplate\":\"https:\\\/\\\/chasseurs5emeleger.fr\\\/?s={search_term_string}\"},\"query-input\":{\"@type\":\"PropertyValueSpecification\",\"valueRequired\":true,\"valueName\":\"search_term_string\"}}],\"inLanguage\":\"fr-FR\"},{\"@type\":\"Organization\",\"@id\":\"https:\\\/\\\/chasseurs5emeleger.fr\\\/#organization\",\"name\":\"Chasseurs du 5\u00e8me R\u00e9giment d'infanterie l\u00e9g\u00e8re\",\"url\":\"https:\\\/\\\/chasseurs5emeleger.fr\\\/\",\"logo\":{\"@type\":\"ImageObject\",\"inLanguage\":\"fr-FR\",\"@id\":\"https:\\\/\\\/chasseurs5emeleger.fr\\\/#\\\/schema\\\/logo\\\/image\\\/\",\"url\":\"https:\\\/\\\/chasseurs5emeleger.fr\\\/wp-content\\\/uploads\\\/2022\\\/04\\\/Logo-detoure-scaled.jpg\",\"contentUrl\":\"https:\\\/\\\/chasseurs5emeleger.fr\\\/wp-content\\\/uploads\\\/2022\\\/04\\\/Logo-detoure-scaled.jpg\",\"width\":2438,\"height\":2560,\"caption\":\"Chasseurs du 5\u00e8me R\u00e9giment d'infanterie l\u00e9g\u00e8re\"},\"image\":{\"@id\":\"https:\\\/\\\/chasseurs5emeleger.fr\\\/#\\\/schema\\\/logo\\\/image\\\/\"},\"sameAs\":[\"https:\\\/\\\/www.facebook.com\\\/chasseurs.5emeleger\\\/\"]}]}<\/script>\n<!-- \/ Yoast SEO plugin. -->","yoast_head_json":{"title":"ENSOSP - Aix-en-Provence - 24 Novembre 2021 &#8211; Chasseurs du 5\u00e8me R\u00e9giment d&#039;Infanterie L\u00e9g\u00e8re","robots":{"index":"index","follow":"follow","max-snippet":"max-snippet:-1","max-image-preview":"max-image-preview:large","max-video-preview":"max-video-preview:-1"},"canonical":"https:\/\/chasseurs5emeleger.fr\/index.php\/photos\/ensosp-aix-24-novembre-2021\/","og_locale":"fr_FR","og_type":"article","og_title":"ENSOSP - Aix-en-Provence - 24 Novembre 2021 &#8211; Chasseurs du 5\u00e8me R\u00e9giment d&#039;Infanterie L\u00e9g\u00e8re","og_description":"Aix-en-Provence (13) &#8211; 24 Novembre Parrainage de la Promotion &#8220;Napol\u00e9on Bonaparte&#8221; de l&#8217;Ecole Nationale Sup\u00e9rieure des Officiers Sapeurs Pompiers (ENSOSP)","og_url":"https:\/\/chasseurs5emeleger.fr\/index.php\/photos\/ensosp-aix-24-novembre-2021\/","og_site_name":"Chasseurs du 5\u00e8me R\u00e9giment d&#039;Infanterie L\u00e9g\u00e8re","article_publisher":"https:\/\/www.facebook.com\/chasseurs.5emeleger\/","article_modified_time":"2022-08-17T08:53:38+00:00","og_image":[{"url":"https:\/\/chasseurs5emeleger.fr\/wp-content\/uploads\/2022\/08\/1-2-1024x771.jpg","type":"","width":"","height":""}],"schema":{"@context":"https:\/\/schema.org","@graph":[{"@type":"WebPage","@id":"https:\/\/chasseurs5emeleger.fr\/index.php\/photos\/ensosp-aix-24-novembre-2021\/","url":"https:\/\/chasseurs5emeleger.fr\/index.php\/photos\/ensosp-aix-24-novembre-2021\/","name":"ENSOSP - Aix-en-Provence - 24 Novembre 2021 &#8211; Chasseurs du 5\u00e8me R\u00e9giment d&#039;Infanterie L\u00e9g\u00e8re","isPartOf":{"@id":"https:\/\/chasseurs5emeleger.fr\/#website"},"primaryImageOfPage":{"@id":"https:\/\/chasseurs5emeleger.fr\/index.php\/photos\/ensosp-aix-24-novembre-2021\/#primaryimage"},"image":{"@id":"https:\/\/chasseurs5emeleger.fr\/index.php\/photos\/ensosp-aix-24-novembre-2021\/#primaryimage"},"thumbnailUrl":"https:\/\/chasseurs5emeleger.fr\/wp-content\/uploads\/2022\/08\/1-2-1024x771.jpg","datePublished":"2022-08-17T08:52:32+00:00","dateModified":"2022-08-17T08:53:38+00:00","breadcrumb":{"@id":"https:\/\/chasseurs5emeleger.fr\/index.php\/photos\/ensosp-aix-24-novembre-2021\/#breadcrumb"},"inLanguage":"fr-FR","potentialAction":[{"@type":"ReadAction","target":["https:\/\/chasseurs5emeleger.fr\/index.php\/photos\/ensosp-aix-24-novembre-2021\/"]}]},{"@type":"ImageObject","inLanguage":"fr-FR","@id":"https:\/\/chasseurs5emeleger.fr\/index.php\/photos\/ensosp-aix-24-novembre-2021\/#primaryimage","url":"https:\/\/chasseurs5emeleger.fr\/wp-content\/uploads\/2022\/08\/1-2.jpg","contentUrl":"https:\/\/chasseurs5emeleger.fr\/wp-content\/uploads\/2022\/08\/1-2.jpg","width":1080,"height":813},{"@type":"BreadcrumbList","@id":"https:\/\/chasseurs5emeleger.fr\/index.php\/photos\/ensosp-aix-24-novembre-2021\/#breadcrumb","itemListElement":[{"@type":"ListItem","position":1,"name":"Accueil","item":"https:\/\/chasseurs5emeleger.fr\/"},{"@type":"ListItem","position":2,"name":"Photos","item":"https:\/\/chasseurs5emeleger.fr\/index.php\/photos\/"},{"@type":"ListItem","position":3,"name":"ENSOSP &#8211; Aix-en-Provence &#8211; 24 Novembre 2021"}]},{"@type":"WebSite","@id":"https:\/\/chasseurs5emeleger.fr\/#website","url":"https:\/\/chasseurs5emeleger.fr\/","name":"Chasseurs du 5\u00e8me R\u00e9giment d&#039;Infanterie L\u00e9g\u00e8re","description":"","publisher":{"@id":"https:\/\/chasseurs5emeleger.fr\/#organization"},"potentialAction":[{"@type":"SearchAction","target":{"@type":"EntryPoint","urlTemplate":"https:\/\/chasseurs5emeleger.fr\/?s={search_term_string}"},"query-input":{"@type":"PropertyValueSpecification","valueRequired":true,"valueName":"search_term_string"}}],"inLanguage":"fr-FR"},{"@type":"Organization","@id":"https:\/\/chasseurs5emeleger.fr\/#organization","name":"Chasseurs du 5\u00e8me R\u00e9giment d'infanterie l\u00e9g\u00e8re","url":"https:\/\/chasseurs5emeleger.fr\/","logo":{"@type":"ImageObject","inLanguage":"fr-FR","@id":"https:\/\/chasseurs5emeleger.fr\/#\/schema\/logo\/image\/","url":"https:\/\/chasseurs5emeleger.fr\/wp-content\/uploads\/2022\/04\/Logo-detoure-scaled.jpg","contentUrl":"https:\/\/chasseurs5emeleger.fr\/wp-content\/uploads\/2022\/04\/Logo-detoure-scaled.jpg","width":2438,"height":2560,"caption":"Chasseurs du 5\u00e8me R\u00e9giment d'infanterie l\u00e9g\u00e8re"},"image":{"@id":"https:\/\/chasseurs5emeleger.fr\/#\/schema\/logo\/image\/"},"sameAs":["https:\/\/www.facebook.com\/chasseurs.5emeleger\/"]}]}},"_links":{"self":[{"href":"https:\/\/chasseurs5emeleger.fr\/index.php\/wp-json\/wp\/v2\/pages\/3187","targetHints":{"allow":["GET"]}}],"collection":[{"href":"https:\/\/chasseurs5emeleger.fr\/index.php\/wp-json\/wp\/v2\/pages"}],"about":[{"href":"https:\/\/chasseurs5emeleger.fr\/index.php\/wp-json\/wp\/v2\/types\/page"}],"author":[{"embeddable":true,"href":"https:\/\/chasseurs5emeleger.fr\/index.php\/wp-json\/wp\/v2\/users\/2"}],"replies":[{"embeddable":true,"href":"https:\/\/chasseurs5emeleger.fr\/index.php\/wp-json\/wp\/v2\/comments?post=3187"}],"version-history":[{"count":2,"href":"https:\/\/chasseurs5emeleger.fr\/index.php\/wp-json\/wp\/v2\/pages\/3187\/revisions"}],"predecessor-version":[{"id":3202,"href":"https:\/\/chasseurs5emeleger.fr\/index.php\/wp-json\/wp\/v2\/pages\/3187\/revisions\/3202"}],"up":[{"embeddable":true,"href":"https:\/\/chasseurs5emeleger.fr\/index.php\/wp-json\/wp\/v2\/pages\/1057"}],"wp:attachment":[{"href":"https:\/\/chasseurs5emeleger.fr\/index.php\/wp-json\/wp\/v2\/media?parent=3187"}],"curies":[{"name":"wp","href":"https:\/\/api.w.org\/{rel}","templated":true}]}}