{"id":460,"date":"2019-01-13T18:45:30","date_gmt":"2019-01-13T17:45:30","guid":{"rendered":"https:\/\/chasseurs5emeleger.fr\/?page_id=460"},"modified":"2021-08-01T16:23:18","modified_gmt":"2021-08-01T14:23:18","slug":"frejus-spectacle-historique-11-au-13-juillet","status":"publish","type":"page","link":"https:\/\/chasseurs5emeleger.fr\/index.php\/photos\/frejus-spectacle-historique-11-au-13-juillet\/","title":{"rendered":"Fr\u00e9jus &#8211; Spectacle historique      11 au 13 Juillet 2017"},"content":{"rendered":"\n<p class=\"has-text-align-center has-text-color has-large-font-size\" style=\"color:#000794\">Fr\u00e9jus (83) &#8211; Spectacle historique 11 au 13 Juillet<\/p>\n\n\n\n<figure class=\"wp-block-gallery columns-2 wp-block-gallery-1 is-layout-flex wp-block-gallery-is-layout-flex\"><ul class=\"blocks-gallery-grid\"><li class=\"blocks-gallery-item\"><figure><img loading=\"lazy\" decoding=\"async\" width=\"768\" height=\"1024\" src=\"https:\/\/chasseurs5emeleger.fr\/wp-content\/uploads\/2019\/01\/20170713_153547-768x1024.jpg\" alt=\"\" data-id=\"469\" data-link=\"https:\/\/chasseurs5emeleger.fr\/?attachment_id=469\" class=\"wp-image-469\"\/><\/figure><\/li><li class=\"blocks-gallery-item\"><figure><img loading=\"lazy\" decoding=\"async\" width=\"768\" height=\"1024\" src=\"https:\/\/chasseurs5emeleger.fr\/wp-content\/uploads\/2019\/01\/FB_IMG_1500206888961-768x1024.jpg\" alt=\"\" data-id=\"472\" data-link=\"https:\/\/chasseurs5emeleger.fr\/?attachment_id=472\" class=\"wp-image-472\" srcset=\"https:\/\/chasseurs5emeleger.fr\/wp-content\/uploads\/2019\/01\/FB_IMG_1500206888961-768x1024.jpg 768w, https:\/\/chasseurs5emeleger.fr\/wp-content\/uploads\/2019\/01\/FB_IMG_1500206888961-225x300.jpg 225w, https:\/\/chasseurs5emeleger.fr\/wp-content\/uploads\/2019\/01\/FB_IMG_1500206888961.jpg 1536w\" sizes=\"auto, (max-width: 768px) 100vw, 768px\" \/><\/figure><\/li><li class=\"blocks-gallery-item\"><figure><img loading=\"lazy\" decoding=\"async\" width=\"1024\" height=\"854\" src=\"https:\/\/chasseurs5emeleger.fr\/wp-content\/uploads\/2019\/01\/FB_IMG_1500207514427-1024x854.jpg\" alt=\"\" data-id=\"473\" data-link=\"https:\/\/chasseurs5emeleger.fr\/?attachment_id=473\" class=\"wp-image-473\" srcset=\"https:\/\/chasseurs5emeleger.fr\/wp-content\/uploads\/2019\/01\/FB_IMG_1500207514427-1024x854.jpg 1024w, https:\/\/chasseurs5emeleger.fr\/wp-content\/uploads\/2019\/01\/FB_IMG_1500207514427-300x250.jpg 300w, https:\/\/chasseurs5emeleger.fr\/wp-content\/uploads\/2019\/01\/FB_IMG_1500207514427-768x641.jpg 768w, https:\/\/chasseurs5emeleger.fr\/wp-content\/uploads\/2019\/01\/FB_IMG_1500207514427.jpg 1151w\" sizes=\"auto, (max-width: 1024px) 100vw, 1024px\" \/><\/figure><\/li><li class=\"blocks-gallery-item\"><figure><img loading=\"lazy\" decoding=\"async\" width=\"1024\" height=\"746\" src=\"https:\/\/chasseurs5emeleger.fr\/wp-content\/uploads\/2020\/05\/received_1539612756061222-1024x746.jpeg\" alt=\"\" data-id=\"2207\" data-full-url=\"https:\/\/chasseurs5emeleger.fr\/wp-content\/uploads\/2020\/05\/received_1539612756061222.jpeg\" data-link=\"https:\/\/chasseurs5emeleger.fr\/index.php\/photos\/frejus-spectacle-historique-11-au-13-juillet\/received_1539612756061222\/\" class=\"wp-image-2207\" srcset=\"https:\/\/chasseurs5emeleger.fr\/wp-content\/uploads\/2020\/05\/received_1539612756061222-1024x746.jpeg 1024w, https:\/\/chasseurs5emeleger.fr\/wp-content\/uploads\/2020\/05\/received_1539612756061222-300x219.jpeg 300w, https:\/\/chasseurs5emeleger.fr\/wp-content\/uploads\/2020\/05\/received_1539612756061222-768x560.jpeg 768w, https:\/\/chasseurs5emeleger.fr\/wp-content\/uploads\/2020\/05\/received_1539612756061222-1536x1119.jpeg 1536w, https:\/\/chasseurs5emeleger.fr\/wp-content\/uploads\/2020\/05\/received_1539612756061222.jpeg 2048w\" sizes=\"auto, (max-width: 1024px) 100vw, 1024px\" \/><\/figure><\/li><li class=\"blocks-gallery-item\"><figure><img decoding=\"async\" src=\"https:\/\/chasseurs5emeleger.fr\/wp-content\/uploads\/2019\/01\/received_796978343795971-768x1024.jpeg\" alt=\"\" data-id=\"474\" data-link=\"https:\/\/chasseurs5emeleger.fr\/?attachment_id=474\" class=\"wp-image-474\"\/><\/figure><\/li><li class=\"blocks-gallery-item\"><figure><img loading=\"lazy\" decoding=\"async\" width=\"768\" height=\"1024\" src=\"https:\/\/chasseurs5emeleger.fr\/wp-content\/uploads\/2019\/01\/20170713_161314_001-768x1024.jpg\" alt=\"\" data-id=\"470\" data-link=\"https:\/\/chasseurs5emeleger.fr\/?attachment_id=470\" class=\"wp-image-470\"\/><\/figure><\/li><li class=\"blocks-gallery-item\"><figure><img loading=\"lazy\" decoding=\"async\" width=\"1024\" height=\"768\" src=\"https:\/\/chasseurs5emeleger.fr\/wp-content\/uploads\/2019\/01\/FB_IMG_1500206865435-1-1024x768.jpg\" alt=\"\" data-id=\"471\" data-link=\"https:\/\/chasseurs5emeleger.fr\/?attachment_id=471\" class=\"wp-image-471\" srcset=\"https:\/\/chasseurs5emeleger.fr\/wp-content\/uploads\/2019\/01\/FB_IMG_1500206865435-1-1024x768.jpg 1024w, https:\/\/chasseurs5emeleger.fr\/wp-content\/uploads\/2019\/01\/FB_IMG_1500206865435-1-300x225.jpg 300w, https:\/\/chasseurs5emeleger.fr\/wp-content\/uploads\/2019\/01\/FB_IMG_1500206865435-1-768x576.jpg 768w, https:\/\/chasseurs5emeleger.fr\/wp-content\/uploads\/2019\/01\/FB_IMG_1500206865435-1.jpg 1280w\" sizes=\"auto, (max-width: 1024px) 100vw, 1024px\" \/><\/figure><\/li><\/ul><\/figure>\n","protected":false},"excerpt":{"rendered":"<p>Fr\u00e9jus (83) &#8211; Spectacle historique 11 au 13 Juillet<\/p>\n","protected":false},"author":2,"featured_media":0,"parent":1057,"menu_order":0,"comment_status":"closed","ping_status":"closed","template":"","meta":{"footnotes":""},"class_list":["post-460","page","type-page","status-publish","hentry"],"yoast_head":"<!-- This site is optimized with the Yoast SEO plugin v27.5 - https:\/\/yoast.com\/product\/yoast-seo-wordpress\/ -->\n<title>Fr\u00e9jus - Spectacle historique   11 au 13 Juillet 2017 &#8211; Chasseurs du 5\u00e8me R\u00e9giment d&#039;Infanterie L\u00e9g\u00e8re<\/title>\n<meta name=\"robots\" content=\"index, follow, max-snippet:-1, max-image-preview:large, max-video-preview:-1\" \/>\n<link rel=\"canonical\" href=\"https:\/\/chasseurs5emeleger.fr\/index.php\/photos\/frejus-spectacle-historique-11-au-13-juillet\/\" \/>\n<meta property=\"og:locale\" content=\"fr_FR\" \/>\n<meta property=\"og:type\" content=\"article\" \/>\n<meta property=\"og:title\" content=\"Fr\u00e9jus - Spectacle historique   11 au 13 Juillet 2017 &#8211; Chasseurs du 5\u00e8me R\u00e9giment d&#039;Infanterie L\u00e9g\u00e8re\" \/>\n<meta property=\"og:description\" content=\"Fr\u00e9jus (83) &#8211; Spectacle historique 11 au 13 Juillet\" \/>\n<meta property=\"og:url\" content=\"https:\/\/chasseurs5emeleger.fr\/index.php\/photos\/frejus-spectacle-historique-11-au-13-juillet\/\" \/>\n<meta property=\"og:site_name\" content=\"Chasseurs du 5\u00e8me R\u00e9giment d&#039;Infanterie L\u00e9g\u00e8re\" \/>\n<meta property=\"article:publisher\" content=\"https:\/\/www.facebook.com\/chasseurs.5emeleger\/\" \/>\n<meta property=\"article:modified_time\" content=\"2021-08-01T14:23:18+00:00\" \/>\n<meta property=\"og:image\" content=\"https:\/\/chasseurs5emeleger.fr\/wp-content\/uploads\/2019\/01\/20170713_153547-768x1024.jpg\" \/>\n<script type=\"application\/ld+json\" class=\"yoast-schema-graph\">{\"@context\":\"https:\\\/\\\/schema.org\",\"@graph\":[{\"@type\":\"WebPage\",\"@id\":\"https:\\\/\\\/chasseurs5emeleger.fr\\\/index.php\\\/photos\\\/frejus-spectacle-historique-11-au-13-juillet\\\/\",\"url\":\"https:\\\/\\\/chasseurs5emeleger.fr\\\/index.php\\\/photos\\\/frejus-spectacle-historique-11-au-13-juillet\\\/\",\"name\":\"Fr\u00e9jus - Spectacle historique 11 au 13 Juillet 2017 &#8211; Chasseurs du 5\u00e8me R\u00e9giment d&#039;Infanterie L\u00e9g\u00e8re\",\"isPartOf\":{\"@id\":\"https:\\\/\\\/chasseurs5emeleger.fr\\\/#website\"},\"primaryImageOfPage\":{\"@id\":\"https:\\\/\\\/chasseurs5emeleger.fr\\\/index.php\\\/photos\\\/frejus-spectacle-historique-11-au-13-juillet\\\/#primaryimage\"},\"image\":{\"@id\":\"https:\\\/\\\/chasseurs5emeleger.fr\\\/index.php\\\/photos\\\/frejus-spectacle-historique-11-au-13-juillet\\\/#primaryimage\"},\"thumbnailUrl\":\"https:\\\/\\\/chasseurs5emeleger.fr\\\/wp-content\\\/uploads\\\/2019\\\/01\\\/20170713_153547-768x1024.jpg\",\"datePublished\":\"2019-01-13T17:45:30+00:00\",\"dateModified\":\"2021-08-01T14:23:18+00:00\",\"breadcrumb\":{\"@id\":\"https:\\\/\\\/chasseurs5emeleger.fr\\\/index.php\\\/photos\\\/frejus-spectacle-historique-11-au-13-juillet\\\/#breadcrumb\"},\"inLanguage\":\"fr-FR\",\"potentialAction\":[{\"@type\":\"ReadAction\",\"target\":[\"https:\\\/\\\/chasseurs5emeleger.fr\\\/index.php\\\/photos\\\/frejus-spectacle-historique-11-au-13-juillet\\\/\"]}]},{\"@type\":\"ImageObject\",\"inLanguage\":\"fr-FR\",\"@id\":\"https:\\\/\\\/chasseurs5emeleger.fr\\\/index.php\\\/photos\\\/frejus-spectacle-historique-11-au-13-juillet\\\/#primaryimage\",\"url\":\"https:\\\/\\\/chasseurs5emeleger.fr\\\/wp-content\\\/uploads\\\/2019\\\/01\\\/20170713_153547-e1590413981323.jpg\",\"contentUrl\":\"https:\\\/\\\/chasseurs5emeleger.fr\\\/wp-content\\\/uploads\\\/2019\\\/01\\\/20170713_153547-e1590413981323.jpg\",\"width\":768,\"height\":1024},{\"@type\":\"BreadcrumbList\",\"@id\":\"https:\\\/\\\/chasseurs5emeleger.fr\\\/index.php\\\/photos\\\/frejus-spectacle-historique-11-au-13-juillet\\\/#breadcrumb\",\"itemListElement\":[{\"@type\":\"ListItem\",\"position\":1,\"name\":\"Accueil\",\"item\":\"https:\\\/\\\/chasseurs5emeleger.fr\\\/\"},{\"@type\":\"ListItem\",\"position\":2,\"name\":\"Photos\",\"item\":\"https:\\\/\\\/chasseurs5emeleger.fr\\\/index.php\\\/photos\\\/\"},{\"@type\":\"ListItem\",\"position\":3,\"name\":\"Fr\u00e9jus &#8211; Spectacle historique 11 au 13 Juillet 2017\"}]},{\"@type\":\"WebSite\",\"@id\":\"https:\\\/\\\/chasseurs5emeleger.fr\\\/#website\",\"url\":\"https:\\\/\\\/chasseurs5emeleger.fr\\\/\",\"name\":\"Chasseurs du 5\u00e8me R\u00e9giment d&#039;Infanterie L\u00e9g\u00e8re\",\"description\":\"\",\"publisher\":{\"@id\":\"https:\\\/\\\/chasseurs5emeleger.fr\\\/#organization\"},\"potentialAction\":[{\"@type\":\"SearchAction\",\"target\":{\"@type\":\"EntryPoint\",\"urlTemplate\":\"https:\\\/\\\/chasseurs5emeleger.fr\\\/?s={search_term_string}\"},\"query-input\":{\"@type\":\"PropertyValueSpecification\",\"valueRequired\":true,\"valueName\":\"search_term_string\"}}],\"inLanguage\":\"fr-FR\"},{\"@type\":\"Organization\",\"@id\":\"https:\\\/\\\/chasseurs5emeleger.fr\\\/#organization\",\"name\":\"Chasseurs du 5\u00e8me R\u00e9giment d'infanterie l\u00e9g\u00e8re\",\"url\":\"https:\\\/\\\/chasseurs5emeleger.fr\\\/\",\"logo\":{\"@type\":\"ImageObject\",\"inLanguage\":\"fr-FR\",\"@id\":\"https:\\\/\\\/chasseurs5emeleger.fr\\\/#\\\/schema\\\/logo\\\/image\\\/\",\"url\":\"https:\\\/\\\/chasseurs5emeleger.fr\\\/wp-content\\\/uploads\\\/2022\\\/04\\\/Logo-detoure-scaled.jpg\",\"contentUrl\":\"https:\\\/\\\/chasseurs5emeleger.fr\\\/wp-content\\\/uploads\\\/2022\\\/04\\\/Logo-detoure-scaled.jpg\",\"width\":2438,\"height\":2560,\"caption\":\"Chasseurs du 5\u00e8me R\u00e9giment d'infanterie l\u00e9g\u00e8re\"},\"image\":{\"@id\":\"https:\\\/\\\/chasseurs5emeleger.fr\\\/#\\\/schema\\\/logo\\\/image\\\/\"},\"sameAs\":[\"https:\\\/\\\/www.facebook.com\\\/chasseurs.5emeleger\\\/\"]}]}<\/script>\n<!-- \/ Yoast SEO plugin. -->","yoast_head_json":{"title":"Fr\u00e9jus - Spectacle historique   11 au 13 Juillet 2017 &#8211; Chasseurs du 5\u00e8me R\u00e9giment d&#039;Infanterie L\u00e9g\u00e8re","robots":{"index":"index","follow":"follow","max-snippet":"max-snippet:-1","max-image-preview":"max-image-preview:large","max-video-preview":"max-video-preview:-1"},"canonical":"https:\/\/chasseurs5emeleger.fr\/index.php\/photos\/frejus-spectacle-historique-11-au-13-juillet\/","og_locale":"fr_FR","og_type":"article","og_title":"Fr\u00e9jus - Spectacle historique   11 au 13 Juillet 2017 &#8211; Chasseurs du 5\u00e8me R\u00e9giment d&#039;Infanterie L\u00e9g\u00e8re","og_description":"Fr\u00e9jus (83) &#8211; Spectacle historique 11 au 13 Juillet","og_url":"https:\/\/chasseurs5emeleger.fr\/index.php\/photos\/frejus-spectacle-historique-11-au-13-juillet\/","og_site_name":"Chasseurs du 5\u00e8me R\u00e9giment d&#039;Infanterie L\u00e9g\u00e8re","article_publisher":"https:\/\/www.facebook.com\/chasseurs.5emeleger\/","article_modified_time":"2021-08-01T14:23:18+00:00","og_image":[{"url":"https:\/\/chasseurs5emeleger.fr\/wp-content\/uploads\/2019\/01\/20170713_153547-768x1024.jpg","type":"","width":"","height":""}],"schema":{"@context":"https:\/\/schema.org","@graph":[{"@type":"WebPage","@id":"https:\/\/chasseurs5emeleger.fr\/index.php\/photos\/frejus-spectacle-historique-11-au-13-juillet\/","url":"https:\/\/chasseurs5emeleger.fr\/index.php\/photos\/frejus-spectacle-historique-11-au-13-juillet\/","name":"Fr\u00e9jus - Spectacle historique 11 au 13 Juillet 2017 &#8211; Chasseurs du 5\u00e8me R\u00e9giment d&#039;Infanterie L\u00e9g\u00e8re","isPartOf":{"@id":"https:\/\/chasseurs5emeleger.fr\/#website"},"primaryImageOfPage":{"@id":"https:\/\/chasseurs5emeleger.fr\/index.php\/photos\/frejus-spectacle-historique-11-au-13-juillet\/#primaryimage"},"image":{"@id":"https:\/\/chasseurs5emeleger.fr\/index.php\/photos\/frejus-spectacle-historique-11-au-13-juillet\/#primaryimage"},"thumbnailUrl":"https:\/\/chasseurs5emeleger.fr\/wp-content\/uploads\/2019\/01\/20170713_153547-768x1024.jpg","datePublished":"2019-01-13T17:45:30+00:00","dateModified":"2021-08-01T14:23:18+00:00","breadcrumb":{"@id":"https:\/\/chasseurs5emeleger.fr\/index.php\/photos\/frejus-spectacle-historique-11-au-13-juillet\/#breadcrumb"},"inLanguage":"fr-FR","potentialAction":[{"@type":"ReadAction","target":["https:\/\/chasseurs5emeleger.fr\/index.php\/photos\/frejus-spectacle-historique-11-au-13-juillet\/"]}]},{"@type":"ImageObject","inLanguage":"fr-FR","@id":"https:\/\/chasseurs5emeleger.fr\/index.php\/photos\/frejus-spectacle-historique-11-au-13-juillet\/#primaryimage","url":"https:\/\/chasseurs5emeleger.fr\/wp-content\/uploads\/2019\/01\/20170713_153547-e1590413981323.jpg","contentUrl":"https:\/\/chasseurs5emeleger.fr\/wp-content\/uploads\/2019\/01\/20170713_153547-e1590413981323.jpg","width":768,"height":1024},{"@type":"BreadcrumbList","@id":"https:\/\/chasseurs5emeleger.fr\/index.php\/photos\/frejus-spectacle-historique-11-au-13-juillet\/#breadcrumb","itemListElement":[{"@type":"ListItem","position":1,"name":"Accueil","item":"https:\/\/chasseurs5emeleger.fr\/"},{"@type":"ListItem","position":2,"name":"Photos","item":"https:\/\/chasseurs5emeleger.fr\/index.php\/photos\/"},{"@type":"ListItem","position":3,"name":"Fr\u00e9jus &#8211; Spectacle historique 11 au 13 Juillet 2017"}]},{"@type":"WebSite","@id":"https:\/\/chasseurs5emeleger.fr\/#website","url":"https:\/\/chasseurs5emeleger.fr\/","name":"Chasseurs du 5\u00e8me R\u00e9giment d&#039;Infanterie L\u00e9g\u00e8re","description":"","publisher":{"@id":"https:\/\/chasseurs5emeleger.fr\/#organization"},"potentialAction":[{"@type":"SearchAction","target":{"@type":"EntryPoint","urlTemplate":"https:\/\/chasseurs5emeleger.fr\/?s={search_term_string}"},"query-input":{"@type":"PropertyValueSpecification","valueRequired":true,"valueName":"search_term_string"}}],"inLanguage":"fr-FR"},{"@type":"Organization","@id":"https:\/\/chasseurs5emeleger.fr\/#organization","name":"Chasseurs du 5\u00e8me R\u00e9giment d'infanterie l\u00e9g\u00e8re","url":"https:\/\/chasseurs5emeleger.fr\/","logo":{"@type":"ImageObject","inLanguage":"fr-FR","@id":"https:\/\/chasseurs5emeleger.fr\/#\/schema\/logo\/image\/","url":"https:\/\/chasseurs5emeleger.fr\/wp-content\/uploads\/2022\/04\/Logo-detoure-scaled.jpg","contentUrl":"https:\/\/chasseurs5emeleger.fr\/wp-content\/uploads\/2022\/04\/Logo-detoure-scaled.jpg","width":2438,"height":2560,"caption":"Chasseurs du 5\u00e8me R\u00e9giment d'infanterie l\u00e9g\u00e8re"},"image":{"@id":"https:\/\/chasseurs5emeleger.fr\/#\/schema\/logo\/image\/"},"sameAs":["https:\/\/www.facebook.com\/chasseurs.5emeleger\/"]}]}},"_links":{"self":[{"href":"https:\/\/chasseurs5emeleger.fr\/index.php\/wp-json\/wp\/v2\/pages\/460","targetHints":{"allow":["GET"]}}],"collection":[{"href":"https:\/\/chasseurs5emeleger.fr\/index.php\/wp-json\/wp\/v2\/pages"}],"about":[{"href":"https:\/\/chasseurs5emeleger.fr\/index.php\/wp-json\/wp\/v2\/types\/page"}],"author":[{"embeddable":true,"href":"https:\/\/chasseurs5emeleger.fr\/index.php\/wp-json\/wp\/v2\/users\/2"}],"replies":[{"embeddable":true,"href":"https:\/\/chasseurs5emeleger.fr\/index.php\/wp-json\/wp\/v2\/comments?post=460"}],"version-history":[{"count":13,"href":"https:\/\/chasseurs5emeleger.fr\/index.php\/wp-json\/wp\/v2\/pages\/460\/revisions"}],"predecessor-version":[{"id":2609,"href":"https:\/\/chasseurs5emeleger.fr\/index.php\/wp-json\/wp\/v2\/pages\/460\/revisions\/2609"}],"up":[{"embeddable":true,"href":"https:\/\/chasseurs5emeleger.fr\/index.php\/wp-json\/wp\/v2\/pages\/1057"}],"wp:attachment":[{"href":"https:\/\/chasseurs5emeleger.fr\/index.php\/wp-json\/wp\/v2\/media?parent=460"}],"curies":[{"name":"wp","href":"https:\/\/api.w.org\/{rel}","templated":true}]}}